CRAN Package Check Results for Package rase

Last updated on 2019-05-21 16:49:48 CEST.

Flavor Version Tinstall Tcheck Ttotal Status Flags
r-devel-linux-x86_64-debian-clang 0.3-3 10.66 84.99 95.65 OK
r-devel-linux-x86_64-debian-gcc 0.3-3 9.20 69.45 78.65 OK
r-devel-linux-x86_64-fedora-clang 0.3-3 124.10 OK
r-devel-linux-x86_64-fedora-gcc 0.3-3 115.85 OK
r-devel-windows-ix86+x86_64 0.3-3 25.00 146.00 171.00 OK
r-patched-linux-x86_64 0.3-3 11.55 86.73 98.28 OK
r-patched-solaris-x86 0.3-3 211.40 OK
r-release-linux-x86_64 0.3-3 11.17 87.59 98.76 OK
r-release-windows-ix86+x86_64 0.3-3 36.00 136.00 172.00 OK
r-release-osx-x86_64 0.3-3 WARN
r-oldrel-windows-ix86+x86_64 0.3-3 15.00 95.00 110.00 OK
r-oldrel-osx-x86_64 0.3-3 NOTE

Check Details

Version: 0.3-3
Check: package dependencies
Result: NOTE
    Package suggested but not available for checking: ‘rpanel’
Flavors: r-release-osx-x86_64, r-oldrel-osx-x86_64

Version: 0.3-3
Check: whether package can be installed
Result: WARN
    Found the following significant warnings:
     Warning: 'rgl_init' failed, running with rgl.useNULL = TRUE
Flavor: r-release-osx-x86_64