CRAN Package Check Results for Package rase

Last updated on 2019-07-16 07:51:00 CEST.

Flavor Version Tinstall Tcheck Ttotal Status Flags
r-devel-linux-x86_64-debian-clang 0.3-3 10.88 85.32 96.20 OK
r-devel-linux-x86_64-debian-gcc 0.3-3 9.65 70.36 80.01 OK
r-devel-linux-x86_64-fedora-clang 0.3-3 117.31 OK
r-devel-linux-x86_64-fedora-gcc 0.3-3 117.31 OK
r-devel-windows-ix86+x86_64 0.3-3 31.00 105.00 136.00 OK
r-patched-linux-x86_64 0.3-3 12.21 86.46 98.67 OK
r-patched-solaris-x86 0.3-3 195.70 OK
r-release-linux-x86_64 0.3-3 11.09 85.64 96.73 OK
r-release-windows-ix86+x86_64 0.3-3 4.00 5.00 9.00 ERROR
r-release-osx-x86_64 0.3-3 WARN
r-oldrel-windows-ix86+x86_64 0.3-3 19.00 135.00 154.00 OK
r-oldrel-osx-x86_64 0.3-3 NOTE

Check Details

Version: 0.3-3
Check: whether package can be installed
Result: ERROR
    Installation failed.
Flavor: r-release-windows-ix86+x86_64

Version: 0.3-3
Check: package dependencies
Result: NOTE
    Package suggested but not available for checking: ‘rpanel’
Flavors: r-release-osx-x86_64, r-oldrel-osx-x86_64

Version: 0.3-3
Check: whether package can be installed
Result: WARN
    Found the following significant warnings:
     Warning: 'rgl_init' failed, running with rgl.useNULL = TRUE
Flavor: r-release-osx-x86_64