CRAN Package Check Results for Package rapidraker

Last updated on 2019-09-19 14:46:56 CEST.

Flavor Version Tinstall Tcheck Ttotal Status Flags
r-devel-linux-x86_64-debian-clang 0.1.0 3.42 57.94 61.36 OK
r-devel-linux-x86_64-debian-gcc 0.1.0 2.82 44.12 46.94 OK
r-devel-linux-x86_64-fedora-clang 0.1.0 74.08 OK
r-devel-linux-x86_64-fedora-gcc 0.1.0 69.37 OK
r-devel-windows-ix86+x86_64 0.1.0 8.00 21.00 29.00 ERROR
r-patched-linux-x86_64 0.1.0 3.29 55.51 58.80 OK
r-patched-solaris-x86 0.1.0 60.90 ERROR
r-release-linux-x86_64 0.1.0 2.62 55.99 58.61 OK
r-release-windows-ix86+x86_64 0.1.0 8.00 69.00 77.00 OK
r-release-osx-x86_64 0.1.0 OK
r-oldrel-windows-ix86+x86_64 0.1.0 3.00 51.00 54.00 OK
r-oldrel-osx-x86_64 0.1.0 OK

Check Details

Version: 0.1.0
Check: whether package can be installed
Result: ERROR
    Installation failed.
Flavor: r-devel-windows-ix86+x86_64

Version: 0.1.0
Check: examples
Result: ERROR
    Running examples in ‘rapidraker-Ex.R’ failed
    The error most likely occurred in:
    
    > ### Name: rapidrake
    > ### Title: Rapid RAKE
    > ### Aliases: rapidrake
    >
    > ### ** Examples
    >
    > rapidrake(txt = "some text that has great keywords")
    Error in .jfindClass(as.character(class)) :
     java.lang.UnsupportedClassVersionError: opennlp/tools/stemmer/snowball/SnowballStemmer : Unsupported major.minor version 52.0
    Calls: rapidrake ... <Anonymous> -> <Anonymous> -> jclassName -> .jfindClass
    Execution halted
Flavor: r-patched-solaris-x86

Version: 0.1.0
Check: tests
Result: ERROR
     Running ‘testthat.R’
    Running the tests in ‘tests/testthat.R’ failed.
    Complete output:
     > library(testthat)
     > library(rapidraker)
     >
     > test_check("rapidraker")
     ── 1. Error: (unknown) (@test-rapidrake.R#3) ──────────────────────────────────
     no field, method or inner class called 'handled'
     1: test_that("rapidrake works for non-atomic, non-empty char vectors", {
     out <- rapidrake(slowraker::dog_pubs$abstract[1:10])
     expect_equal(length(out), 10)
     }) at testthat/test-rapidrake.R:3
     2: test_code(desc, code, env = parent.frame())
     3: tryCatch(withCallingHandlers({
     eval(code, test_env)
     if (!handled && !is.null(test)) {
     skip_empty()
     }
     }, expectation = handle_expectation, skip = handle_skip, warning = handle_warning,
     message = handle_message, error = handle_error), error = handle_fatal, skip = function(e) {
     })
     4: tryCatchList(expr, classes, parentenv, handlers)
     5: tryCatchOne(tryCatchList(expr, names[-nh], parentenv, handlers[-nh]), names[nh],
     parentenv, handlers[[nh]])
     6: doTryCatch(return(expr), name, parentenv, handler)
     7: tryCatchList(expr, names[-nh], parentenv, handlers[-nh])
     8: tryCatchOne(expr, names, parentenv, handlers[[1L]])
     9: value[[3L]](cond)
     10: isTRUE(e$handled)
     11: e$handled
     12: `$.Throwable`(e, "handled")
     13: ._jobjRef_dollar(x[["jobj"]], name)
     14: stop(sprintf("no field, method or inner class called '%s' ", name))
    
     ══ testthat results ═══════════════════════════════════════════════════════════
     [ OK: 0 | SKIPPED: 0 | WARNINGS: 0 | FAILED: 1 ]
     1. Error: (unknown) (@test-rapidrake.R#3)
    
     Error: testthat unit tests failed
     Execution halted
Flavor: r-patched-solaris-x86