CRAN Package Check Results for Package randomUniformForest

Last updated on 2017-12-16 09:51:14 CET.

Flavor Version Tinstall Tcheck Ttotal Status Flags
r-devel-linux-x86_64-debian-clang 1.1.5 9.99 110.56 120.55 NOTE
r-devel-linux-x86_64-debian-gcc 1.1.5 7.70 82.98 90.68 NOTE
r-devel-linux-x86_64-fedora-clang 1.1.5 128.94 NOTE
r-devel-linux-x86_64-fedora-gcc 1.1.5 125.70 NOTE
r-devel-windows-ix86+x86_64 1.1.5 25.00 151.00 176.00 NOTE
r-patched-linux-x86_64 1.1.5 10.80 107.96 118.76 NOTE
r-patched-solaris-x86 1.1.5 158.80 NOTE
r-release-linux-x86_64 1.1.5 10.00 109.15 119.15 NOTE
r-release-windows-ix86+x86_64 1.1.5 22.00 148.00 170.00 NOTE
r-release-osx-x86_64 1.1.5 NOTE
r-oldrel-windows-ix86+x86_64 1.1.5 23.00 166.00 189.00 NOTE
r-oldrel-osx-x86_64 1.1.5 NOTE

Check Details

Version: 1.1.5
Check: R code for possible problems
Result: NOTE
    HuberDist: no visible global function definition for ‘median’
    MDSscale: no visible global function definition for ‘plot’
    OOBquantiles : <anonymous>: no visible global function definition for
     ‘quantile’
    OOBquantiles : <anonymous>: no visible global function definition for
     ‘sd’
    OOBquantiles: no visible global function definition for ‘quantile’
    OOBquantiles: no visible global function definition for ‘plot’
    bCICore: no visible global function definition for ‘quantile’
    bCICore: no visible global function definition for ‘qnorm’
    bCICore: no visible global function definition for ‘sd’
    clusterAnalysis: no visible global function definition for ‘aggregate’
    clusterAnalysis: no visible global function definition for ‘head’
    clusterAnalysis : <anonymous>: no visible global function definition
     for ‘sd’
    clusteringObservations: no visible global function definition for
     ‘plot’
    gap.stats: no visible binding for global variable ‘kmeans’
    generic.cv: no visible global function definition for ‘predict’
    generic.cv: no visible global function definition for ‘sd’
    generic.smoothing.log: no visible binding for global variable ‘median’
    genericCbind: no visible global function definition for ‘na.omit’
    getCorr: no visible global function definition for ‘cor’
    hClust: no visible global function definition for ‘plot’
    hClust: no visible global function definition for ‘abline’
    importance.randomUniformForest: no visible global function definition
     for ‘model.frame’
    importance.randomUniformForest: no visible global function definition
     for ‘model.matrix’
    importance.randomUniformForest: no visible global function definition
     for ‘par’
    importance.randomUniformForest: no visible global function definition
     for ‘barplot’
    importance.randomUniformForest: no visible global function definition
     for ‘heat.colors’
    importance.randomUniformForest: no visible global function definition
     for ‘abline’
    kMeans: no visible global function definition for ‘plot’
    kMeans: no visible global function definition for ‘points’
    localVariableImportance: no visible global function definition for
     ‘predict’
    model.stats: no visible global function definition for ‘graphics.off’
    model.stats: no visible global function definition for ‘dev.new’
    na.replace: no visible global function definition for ‘median’
    optimizeFalsePositives: no visible global function definition for
     ‘median’
    optimizeFalsePositives: no visible global function definition for
     ‘plot’
    optimizeFalsePositives: no visible global function definition for
     ‘points’
    optimizeFalsePositives: no visible global function definition for
     ‘grid’
    outputPerturbationSampling: no visible global function definition for
     ‘sd’
    outputPerturbationSampling: no visible global function definition for
     ‘rnorm’
    partialDependenceBetweenPredictors: no visible global function
     definition for ‘graphics.off’
    partialDependenceBetweenPredictors: no visible global function
     definition for ‘dev.new’
    partialDependenceBetweenPredictors: no visible global function
     definition for ‘plot’
    partialDependenceBetweenPredictors : <anonymous>: no visible global
     function definition for ‘quantile’
    partialDependenceBetweenPredictors: no visible global function
     definition for ‘par’
    partialDependenceBetweenPredictors: no visible binding for global
     variable ‘heat.colors’
    partialDependenceOverResponses: no visible global function definition
     for ‘quantile’
    partialDependenceOverResponses: no visible global function definition
     for ‘plot’
    partialDependenceOverResponses: no visible global function definition
     for ‘par’
    partialDependenceOverResponses: no visible global function definition
     for ‘mosaicplot’
    partialDependenceOverResponses: no visible global function definition
     for ‘heat.colors’
    partialImportance: no visible global function definition for ‘par’
    partialImportance: no visible global function definition for ‘barplot’
    partialImportance: no visible global function definition for
     ‘heat.colors’
    perspWithcol: no visible global function definition for ‘par’
    perspWithcol: no visible global function definition for ‘persp’
    plot.importance: no visible global function definition for
     ‘model.frame’
    plot.importance: no visible global function definition for
     ‘model.matrix’
    plot.importance: no visible global function definition for
     ‘graphics.off’
    plot.importance: no visible global function definition for ‘par’
    plot.importance: no visible global function definition for ‘barplot’
    plot.importance: no visible global function definition for
     ‘heat.colors’
    plot.importance: no visible global function definition for ‘abline’
    plot.importance: no visible global function definition for ‘dev.new’
    plot.importance: no visible global function definition for ‘mosaicplot’
    plot.importance: no visible global function definition for ‘plot’
    plot.randomUniformForest: no visible global function definition for
     ‘plot’
    plot.randomUniformForest: no visible global function definition for
     ‘points’
    plot.randomUniformForest: no visible global function definition for
     ‘grid’
    plot.unsupervised: no visible global function definition for ‘dev.new’
    plot.unsupervised: no visible global function definition for ‘dev.off’
    plot.unsupervised: no visible global function definition for ‘plot’
    plot.unsupervised: no visible global function definition for ‘abline’
    plot.unsupervised: no visible global function definition for ‘points’
    plot.unsupervised: no visible global function definition for ‘legend’
    plotTree: no visible global function definition for ‘plot’
    postProcessingVotes: no visible global function definition for
     ‘predict’
    postProcessingVotes : <anonymous>: no visible global function
     definition for ‘median’
    postProcessingVotes: no visible global function definition for ‘lm’
    predictionvsResponses: no visible global function definition for ‘lm’
    predictionvsResponses: no visible global function definition for ‘plot’
    predictionvsResponses: no visible global function definition for
     ‘abline’
    predictionvsResponses: no visible global function definition for ‘grid’
    print.unsupervised: no visible global function definition for ‘dist’
    proximitiesMatrix: no visible global function definition for
     ‘memory.limit’
    pseudoHuberDist: no visible global function definition for ‘median’
    rUniformForest.big: no visible global function definition for ‘runif’
    rUniformForest.merge: no visible global function definition for ‘runif’
    rUniformForestPredict: no visible global function definition for
     ‘model.frame’
    rUniformForestPredict: no visible global function definition for
     ‘model.matrix’
    rUniformForestPredict: no visible global function definition for
     ‘quantile’
    rUniformForestPredict : <anonymous>: no visible global function
     definition for ‘quantile’
    rUniformForestPredict : <anonymous>: no visible global function
     definition for ‘sd’
    rUniformForestPredict: no visible binding for global variable ‘sd’
    randomCombination: no visible global function definition for ‘runif’
    randomUniformForest.default: no visible global function definition for
     ‘runif’
    randomUniformForest.formula: no visible global function definition for
     ‘model.frame’
    randomUniformForest.formula: no visible global function definition for
     ‘model.matrix’
    randomUniformForest.formula: no visible global function definition for
     ‘model.response’
    rm.trees: no visible global function definition for ‘quantile’
    rm.trees: no visible global function definition for ‘predict’
    roc.curve: no visible global function definition for ‘par’
    roc.curve: no visible global function definition for ‘plot’
    roc.curve: no visible global function definition for ‘title’
    roc.curve: no visible global function definition for ‘points’
    roc.curve: no visible global function definition for ‘abline’
    rollApplyFunction: no visible global function definition for ‘na.omit’
    scale2AnyValues: no visible global function definition for ‘quantile’
    simulationData: no visible binding for global variable ‘rnorm’
    simulationData: no visible global function definition for ‘runif’
    smoothing.log: no visible binding for global variable ‘median’
    smoothing.log: no visible global function definition for ‘runif’
    strength_and_correlation: no visible global function definition for
     ‘cor’
    subEstimaterequiredSampleSize: no visible global function definition
     for ‘pbinom’
    summary.randomUniformForest: no visible global function definition for
     ‘par’
    summary.randomUniformForest: no visible global function definition for
     ‘barplot’
    summary.randomUniformForest: no visible global function definition for
     ‘heat.colors’
    summary.randomUniformForest: no visible global function definition for
     ‘abline’
    uniformDecisionTree: no visible global function definition for ‘runif’
    unsupervised.randomUniformForest: no visible global function definition
     for ‘predict’
    unsupervised.randomUniformForest: no visible global function definition
     for ‘quantile’
    unsupervised2supervised : <anonymous>: no visible global function
     definition for ‘rnorm’
    unsupervised2supervised : <anonymous>: no visible global function
     definition for ‘sd’
    unsupervised2supervised: no visible global function definition for ‘sd’
    unsupervised2supervised: no visible global function definition for
     ‘rnorm’
    update.unsupervised: no visible global function definition for
     ‘predict’
    weightedVoteModel: no visible global function definition for ‘lm’
    which.is.duplicate: no visible global function definition for ‘na.omit’
    Undefined global functions or variables:
     abline aggregate barplot cor dev.new dev.off dist graphics.off grid
     head heat.colors kmeans legend lm median memory.limit model.frame
     model.matrix model.response mosaicplot na.omit par pbinom persp plot
     points predict qnorm quantile rnorm runif sd title
    Consider adding
     importFrom("grDevices", "dev.new", "dev.off", "graphics.off",
     "heat.colors")
     importFrom("graphics", "abline", "barplot", "grid", "legend",
     "mosaicplot", "par", "persp", "plot", "points", "title")
     importFrom("stats", "aggregate", "cor", "dist", "kmeans", "lm",
     "median", "model.frame", "model.matrix", "model.response",
     "na.omit", "pbinom", "predict", "qnorm", "quantile",
     "rnorm", "runif", "sd")
     importFrom("utils", "head", "memory.limit")
    to your NAMESPACE file.
Flavors: r-devel-linux-x86_64-debian-clang, r-devel-linux-x86_64-debian-gcc, r-devel-linux-x86_64-fedora-clang, r-devel-linux-x86_64-fedora-gcc, r-devel-windows-ix86+x86_64, r-patched-linux-x86_64, r-patched-solaris-x86, r-release-linux-x86_64, r-release-windows-ix86+x86_64, r-release-osx-x86_64, r-oldrel-windows-ix86+x86_64, r-oldrel-osx-x86_64

Version: 1.1.5
Check: compiled code
Result: NOTE
    File ‘randomUniformForest/libs/randomUniformForest.so’:
     Found no calls to: ‘R_registerRoutines’, ‘R_useDynamicSymbols’
    
    It is good practice to register native routines and to disable symbol
    search.
    
    See ‘Writing portable packages’ in the ‘Writing R Extensions’ manual.
Flavors: r-devel-linux-x86_64-debian-clang, r-devel-linux-x86_64-debian-gcc, r-devel-linux-x86_64-fedora-clang, r-devel-linux-x86_64-fedora-gcc, r-patched-linux-x86_64, r-release-linux-x86_64