CRAN Package Check Results for Package randomLCA

Last updated on 2017-12-14 13:48:26 CET.

Flavor Version Tinstall Tcheck Ttotal Status Flags
r-devel-linux-x86_64-debian-clang 1.0-13 4.49 44.21 48.70 FAIL
r-devel-linux-x86_64-debian-gcc 1.0-13 4.26 40.53 44.79 FAIL
r-devel-linux-x86_64-fedora-clang 1.0-13 98.11 OK
r-devel-linux-x86_64-fedora-gcc 1.0-13 97.10 OK
r-devel-windows-ix86+x86_64 1.0-13 22.00 100.00 122.00 OK
r-patched-linux-x86_64 1.0-13 5.06 75.88 80.94 OK
r-patched-solaris-x86 1.0-13 134.40 OK
r-release-linux-x86_64 1.0-13 4.66 74.82 79.48 OK
r-release-windows-ix86+x86_64 1.0-13 16.00 100.00 116.00 OK
r-release-osx-x86_64 1.0-13 OK
r-oldrel-windows-ix86+x86_64 1.0-13 15.00 123.00 138.00 OK
r-oldrel-osx-x86_64 1.0-13 OK

Check Details

Version: 1.0-13
Check: pragmas in C/C++ headers and code
Result: FAIL
    
Flavors: r-devel-linux-x86_64-debian-clang, r-devel-linux-x86_64-debian-gcc