CRAN Package Check Results for Package rainbow

Last updated on 2018-07-21 14:47:40 CEST.

Flavor Version Tinstall Tcheck Ttotal Status Flags
r-devel-linux-x86_64-debian-clang 3.4 8.50 108.87 117.37 OK
r-devel-linux-x86_64-debian-gcc 3.4 5.76 84.86 90.62 OK
r-devel-linux-x86_64-fedora-clang 3.4 139.60 OK
r-devel-linux-x86_64-fedora-gcc 3.4 137.89 OK
r-devel-windows-ix86+x86_64 3.4 18.00 126.00 144.00 OK
r-patched-linux-x86_64 3.4 OK
r-patched-solaris-x86 3.4 263.30 OK
r-release-linux-x86_64 3.4 6.85 99.11 105.96 OK
r-release-windows-ix86+x86_64 3.4 19.00 158.00 177.00 OK
r-release-osx-x86_64 3.4 OK
r-oldrel-windows-ix86+x86_64 3.4 9.00 167.00 176.00 OK
r-oldrel-osx-x86_64 3.4 NOTE

Check Details

Version: 3.4
Check: re-building of vignette outputs
Result: NOTE
    Error in re-building vignettes:
     ...
    Loading required package: MASS
    Loading required package: pcaPP
    Error in texi2dvi(file = file, pdf = TRUE, clean = clean, quiet = quiet, :
     Running 'texi2dvi' on 'rainbow.tex' failed.
    LaTeX errors:
    ! LaTeX Error: File `enumitem.sty' not found.
    
    Type X to quit or <RETURN> to proceed,
    or enter new name. (Default extension: sty)
    
    ! Emergency stop.
    <read *>
    
    l.9 \usepackage
     [utf8]{inputenc}^^M
    ! ==> Fatal error occurred, no output PDF file produced!
    Calls: buildVignettes -> texi2pdf -> texi2dvi
    Execution halted
Flavor: r-oldrel-osx-x86_64