CRAN Package Check Results for Package radiant.data

Last updated on 2019-01-22 06:47:08 CET.

Flavor Version Tinstall Tcheck Ttotal Status Flags
r-devel-linux-x86_64-debian-clang 0.9.7 10.48 108.31 118.79 OK
r-devel-linux-x86_64-debian-gcc 0.9.7 8.18 81.35 89.53 OK
r-devel-linux-x86_64-fedora-clang 0.9.7 134.40 NOTE
r-devel-linux-x86_64-fedora-gcc 0.9.7 126.48 NOTE
r-devel-windows-ix86+x86_64 0.9.7 34.00 138.00 172.00 OK
r-patched-linux-x86_64 0.9.7 10.30 100.06 110.36 OK
r-patched-solaris-x86 0.9.7 195.70 NOTE
r-release-linux-x86_64 0.9.7 10.40 99.32 109.72 OK
r-release-windows-ix86+x86_64 0.9.7 34.00 214.00 248.00 OK
r-release-osx-x86_64 0.9.7 WARN
r-oldrel-windows-ix86+x86_64 0.9.7 34.00 176.00 210.00 OK
r-oldrel-osx-x86_64 0.9.7 NOTE

Check Details

Version: 0.9.7
Check: dependencies in R code
Result: NOTE
    Namespace in Imports field not imported from: ‘shinyFiles’
     All declared Imports should be used.
Flavors: r-devel-linux-x86_64-fedora-clang, r-devel-linux-x86_64-fedora-gcc, r-patched-solaris-x86, r-release-osx-x86_64, r-oldrel-osx-x86_64

Version: 0.9.7
Check: whether package can be installed
Result: WARN
    Found the following significant warnings:
     Warning: package ‘dplyr’ was built under R version 3.5.1
Flavor: r-release-osx-x86_64