CRAN Package Check Results for Package rSymbiota

Last updated on 2019-09-15 15:47:34 CEST.

Flavor Version Tinstall Tcheck Ttotal Status Flags
r-devel-linux-x86_64-debian-clang 1.0.0 19.38 147.56 166.94 OK
r-devel-linux-x86_64-debian-gcc 1.0.0 16.57 114.87 131.44 OK
r-devel-linux-x86_64-fedora-clang 1.0.0 203.62 NOTE
r-devel-linux-x86_64-fedora-gcc 1.0.0 199.96 NOTE
r-devel-windows-ix86+x86_64 1.0.0 74.00 236.00 310.00 OK
r-patched-linux-x86_64 1.0.0 17.23 142.02 159.25 OK
r-patched-solaris-x86 1.0.0 371.10 NOTE
r-release-linux-x86_64 1.0.0 18.07 141.23 159.30 OK
r-release-windows-ix86+x86_64 1.0.0 32.00 166.00 198.00 OK
r-release-osx-x86_64 1.0.0 NOTE
r-oldrel-windows-ix86+x86_64 1.0.0 31.00 153.00 184.00 OK
r-oldrel-osx-x86_64 1.0.0 NOTE

Check Details

Version: 1.0.0
Check: dependencies in R code
Result: NOTE
    Namespaces in Imports field not imported from:
     ‘knitr’ ‘rworldmap’
     All declared Imports should be used.
Flavors: r-devel-linux-x86_64-fedora-clang, r-devel-linux-x86_64-fedora-gcc, r-patched-solaris-x86, r-release-osx-x86_64, r-oldrel-osx-x86_64