CRAN Package Check Results for Package rSymbiota

Last updated on 2020-01-21 00:54:57 CET.

Flavor Version Tinstall Tcheck Ttotal Status Flags
r-devel-linux-x86_64-debian-clang 1.0.0 19.75 169.00 188.75 OK
r-devel-linux-x86_64-debian-gcc 1.0.0 17.33 129.12 146.45 OK
r-devel-linux-x86_64-fedora-clang 1.0.0 228.01 NOTE
r-devel-linux-x86_64-fedora-gcc 1.0.0 227.99 NOTE
r-devel-windows-ix86+x86_64 1.0.0 81.00 243.00 324.00 OK
r-devel-windows-ix86+x86_64-gcc8 1.0.0 50.00 240.00 290.00 OK
r-patched-linux-x86_64 1.0.0 18.19 144.63 162.82 OK
r-patched-solaris-x86 1.0.0 351.80 NOTE
r-release-linux-x86_64 1.0.0 18.30 143.61 161.91 OK
r-release-windows-ix86+x86_64 1.0.0 36.00 185.00 221.00 OK
r-release-osx-x86_64 1.0.0 NOTE
r-oldrel-windows-ix86+x86_64 1.0.0 24.00 153.00 177.00 OK
r-oldrel-osx-x86_64 1.0.0 NOTE

Check Details

Version: 1.0.0
Check: dependencies in R code
Result: NOTE
    Namespaces in Imports field not imported from:
     ‘knitr’ ‘rworldmap’
     All declared Imports should be used.
Flavors: r-devel-linux-x86_64-fedora-clang, r-devel-linux-x86_64-fedora-gcc, r-patched-solaris-x86, r-release-osx-x86_64, r-oldrel-osx-x86_64