CRAN Package Check Results for Package rGroovy

Last updated on 2019-09-15 13:47:24 CEST.

Flavor Version Tinstall Tcheck Ttotal Status Flags
r-devel-linux-x86_64-debian-clang 1.3 3.48 31.82 35.30 OK
r-devel-linux-x86_64-debian-gcc 1.3 2.70 25.72 28.42 OK
r-devel-linux-x86_64-fedora-clang 1.3 41.85 OK
r-devel-linux-x86_64-fedora-gcc 1.3 42.13 OK
r-devel-windows-ix86+x86_64 1.3 7.00 5.00 12.00 ERROR
r-patched-linux-x86_64 1.3 3.03 31.60 34.63 OK
r-patched-solaris-x86 1.3 64.40 OK
r-release-linux-x86_64 1.3 2.94 30.90 33.84 OK
r-release-windows-ix86+x86_64 1.3 8.00 59.00 67.00 OK
r-release-osx-x86_64 1.3 OK
r-oldrel-windows-ix86+x86_64 1.3 5.00 42.00 47.00 OK
r-oldrel-osx-x86_64 1.3 OK

Check Details

Version: 1.3
Check: whether package can be installed
Result: ERROR
    Installation failed.
Flavor: r-devel-windows-ix86+x86_64