CRAN Package Check Results for Package rERR

Last updated on 2019-09-21 08:50:20 CEST.

Flavor Version Tinstall Tcheck Ttotal Status Flags
r-devel-linux-x86_64-debian-clang 0.1 9.03 82.28 91.31 NOTE
r-devel-linux-x86_64-debian-gcc 0.1 8.87 63.43 72.30 NOTE
r-devel-linux-x86_64-fedora-clang 0.1 113.17 OK
r-devel-linux-x86_64-fedora-gcc 0.1 112.29 OK
r-devel-windows-ix86+x86_64 0.1 43.00 131.00 174.00 NOTE
r-patched-linux-x86_64 0.1 8.62 78.65 87.27 OK
r-patched-solaris-x86 0.1 170.20 OK
r-release-linux-x86_64 0.1 8.94 78.35 87.29 OK
r-release-windows-ix86+x86_64 0.1 23.00 140.00 163.00 OK
r-release-osx-x86_64 0.1 OK
r-oldrel-windows-ix86+x86_64 0.1 16.00 128.00 144.00 OK
r-oldrel-osx-x86_64 0.1 OK

Check Details

Version: 0.1
Check: package vignettes
Result: NOTE
    Package vignette with placeholder title 'Vignette Title':
     'rERR.Rmd'
Flavors: r-devel-linux-x86_64-debian-clang, r-devel-linux-x86_64-debian-gcc, r-devel-windows-ix86+x86_64