CRAN Package Check Results for Package rEMM

Last updated on 2018-07-20 15:48:33 CEST.

Flavor Version Tinstall Tcheck Ttotal Status Flags
r-devel-linux-x86_64-debian-clang 1.0-11 3.72 60.60 64.32 NOTE
r-devel-linux-x86_64-debian-gcc 1.0-11 3.62 47.74 51.36 NOTE
r-devel-linux-x86_64-fedora-clang 1.0-11 76.14 NOTE
r-devel-linux-x86_64-fedora-gcc 1.0-11 76.79 NOTE
r-devel-windows-ix86+x86_64 1.0-11 10.00 140.00 150.00 OK
r-patched-linux-x86_64 1.0-11 5.17 58.80 63.97 NOTE
r-patched-solaris-x86 1.0-11 108.30 OK
r-release-linux-x86_64 1.0-11 4.55 58.62 63.17 NOTE
r-release-windows-ix86+x86_64 1.0-11 18.00 106.00 124.00 OK
r-release-osx-x86_64 1.0-11 OK
r-oldrel-windows-ix86+x86_64 1.0-11 12.00 122.00 134.00 OK
r-oldrel-osx-x86_64 1.0-11 NOTE

Check Details

Version: 1.0-11
Check: compiled code
Result: NOTE
    File ‘rEMM/libs/rEMM.so’:
     Found no calls to: ‘R_registerRoutines’, ‘R_useDynamicSymbols’
    
    It is good practice to register native routines and to disable symbol
    search.
    
    See ‘Writing portable packages’ in the ‘Writing R Extensions’ manual.
Flavors: r-devel-linux-x86_64-debian-clang, r-devel-linux-x86_64-debian-gcc, r-devel-linux-x86_64-fedora-clang, r-devel-linux-x86_64-fedora-gcc, r-patched-linux-x86_64, r-release-linux-x86_64

Version: 1.0-11
Check: package dependencies
Result: NOTE
    Packages suggested but not available for checking: ‘graph’ ‘Rgraphviz’
Flavor: r-oldrel-osx-x86_64