CRAN Package Check Results for Package rEMM

Last updated on 2018-10-18 23:48:38 CEST.

Flavor Version Tinstall Tcheck Ttotal Status Flags
r-devel-linux-x86_64-debian-clang 1.0-11 3.59 61.06 64.65 OK
r-devel-linux-x86_64-debian-gcc 1.0-11 3.23 48.18 51.41 OK
r-devel-linux-x86_64-fedora-clang 1.0-11 80.76 NOTE
r-devel-linux-x86_64-fedora-gcc 1.0-11 76.92 NOTE
r-devel-windows-ix86+x86_64 1.0-11 12.00 139.00 151.00 OK
r-patched-linux-x86_64 1.0-11 4.09 58.37 62.46 OK
r-patched-solaris-x86 1.0-11 105.50 OK
r-release-linux-x86_64 1.0-11 4.93 57.46 62.39 OK
r-release-windows-ix86+x86_64 1.0-11 11.00 123.00 134.00 OK
r-release-osx-x86_64 1.0-11 OK
r-oldrel-windows-ix86+x86_64 1.0-11 7.00 171.00 178.00 OK
r-oldrel-osx-x86_64 1.0-11 NOTE

Check Details

Version: 1.0-11
Check: compiled code
Result: NOTE
    File ‘rEMM/libs/rEMM.so’:
     Found no calls to: ‘R_registerRoutines’, ‘R_useDynamicSymbols’
    
    It is good practice to register native routines and to disable symbol
    search.
    
    See ‘Writing portable packages’ in the ‘Writing R Extensions’ manual.
Flavors: r-devel-linux-x86_64-fedora-clang, r-devel-linux-x86_64-fedora-gcc

Version: 1.0-11
Check: package dependencies
Result: NOTE
    Packages suggested but not available for checking: ‘graph’ ‘Rgraphviz’
Flavor: r-oldrel-osx-x86_64