CRAN Package Check Results for Package r2d2

Last updated on 2017-12-16 22:46:41 CET.

Flavor Version Tinstall Tcheck Ttotal Status Flags
r-devel-linux-x86_64-debian-clang 1.0-0 1.44 31.77 33.21 NOTE
r-devel-linux-x86_64-debian-gcc 1.0-0 1.21 24.97 26.18 NOTE
r-devel-linux-x86_64-fedora-clang 1.0-0 35.97 NOTE
r-devel-linux-x86_64-fedora-gcc 1.0-0 35.17 NOTE
r-devel-windows-ix86+x86_64 1.0-0 6.00 70.00 76.00 NOTE
r-patched-linux-x86_64 1.0-0 1.30 31.47 32.77 NOTE
r-patched-solaris-x86 1.0-0 49.30 NOTE
r-release-linux-x86_64 1.0-0 1.63 31.43 33.06 NOTE
r-release-windows-ix86+x86_64 1.0-0 5.00 70.00 75.00 NOTE
r-release-osx-x86_64 1.0-0 NOTE
r-oldrel-windows-ix86+x86_64 1.0-0 5.00 57.00 62.00 NOTE
r-oldrel-osx-x86_64 1.0-0 NOTE

Check Details

Version: 1.0-0
Check: R code for possible problems
Result: NOTE
    conf2d.default: no visible global function definition for ‘polygon’
    conf2d_int: no visible global function definition for ‘contourLines’
    Undefined global functions or variables:
     contourLines polygon
    Consider adding
     importFrom("grDevices", "contourLines")
     importFrom("graphics", "polygon")
    to your NAMESPACE file.
Flavors: r-devel-linux-x86_64-debian-clang, r-devel-linux-x86_64-debian-gcc, r-devel-linux-x86_64-fedora-clang, r-devel-linux-x86_64-fedora-gcc, r-devel-windows-ix86+x86_64, r-patched-linux-x86_64, r-patched-solaris-x86, r-release-linux-x86_64, r-release-windows-ix86+x86_64, r-release-osx-x86_64, r-oldrel-windows-ix86+x86_64, r-oldrel-osx-x86_64