CRAN Package Check Results for Package r2d2

Last updated on 2018-10-18 23:48:37 CEST.

Flavor Version Tinstall Tcheck Ttotal Status Flags
r-devel-linux-x86_64-debian-clang 1.0-0 1.81 32.55 34.36 NOTE
r-devel-linux-x86_64-debian-gcc 1.0-0 1.17 26.69 27.86 NOTE
r-devel-linux-x86_64-fedora-clang 1.0-0 40.79 NOTE
r-devel-linux-x86_64-fedora-gcc 1.0-0 39.11 NOTE
r-devel-windows-ix86+x86_64 1.0-0 5.00 66.00 71.00 NOTE
r-patched-linux-x86_64 1.0-0 1.71 29.27 30.98 NOTE
r-patched-solaris-x86 1.0-0 56.70 NOTE
r-release-linux-x86_64 1.0-0 1.64 29.40 31.04 NOTE
r-release-windows-ix86+x86_64 1.0-0 4.00 61.00 65.00 NOTE
r-release-osx-x86_64 1.0-0 NOTE
r-oldrel-windows-ix86+x86_64 1.0-0 4.00 58.00 62.00 NOTE
r-oldrel-osx-x86_64 1.0-0 NOTE

Check Details

Version: 1.0-0
Check: R code for possible problems
Result: NOTE
    conf2d.default: no visible global function definition for ‘polygon’
    conf2d_int: no visible global function definition for ‘contourLines’
    Undefined global functions or variables:
     contourLines polygon
    Consider adding
     importFrom("grDevices", "contourLines")
     importFrom("graphics", "polygon")
    to your NAMESPACE file.
Flavors: r-devel-linux-x86_64-debian-clang, r-devel-linux-x86_64-debian-gcc, r-devel-linux-x86_64-fedora-clang, r-devel-linux-x86_64-fedora-gcc, r-devel-windows-ix86+x86_64, r-patched-linux-x86_64, r-patched-solaris-x86, r-release-linux-x86_64, r-release-windows-ix86+x86_64, r-release-osx-x86_64, r-oldrel-windows-ix86+x86_64, r-oldrel-osx-x86_64