CRAN Package Check Results for Package quantmod

Last updated on 2019-05-21 20:47:35 CEST.

Flavor Version Tinstall Tcheck Ttotal Status Flags
r-devel-linux-x86_64-debian-clang 0.4-14 13.13 75.06 88.19 NOTE
r-devel-linux-x86_64-debian-gcc 0.4-14 12.63 59.18 71.81 ERROR
r-devel-linux-x86_64-fedora-clang 0.4-14 107.94 ERROR
r-devel-linux-x86_64-fedora-gcc 0.4-14 101.65 ERROR
r-devel-windows-ix86+x86_64 0.4-14 22.00 129.00 151.00 ERROR
r-patched-linux-x86_64 0.4-14 14.33 76.96 91.29 ERROR
r-patched-solaris-x86 0.4-14 138.50 OK
r-release-linux-x86_64 0.4-14 12.47 76.20 88.67 ERROR
r-release-windows-ix86+x86_64 0.4-14 30.00 120.00 150.00 ERROR
r-release-osx-x86_64 0.4-14 OK
r-oldrel-windows-ix86+x86_64 0.4-14 15.00 87.00 102.00 ERROR
r-oldrel-osx-x86_64 0.4-14 OK

Additional issues

OpenBLAS

Check Details

Version: 0.4-14
Check: R code for possible problems
Result: NOTE
    Found the following calls to attach():
    File 'quantmod/R/attachSymbols.R':
     attach(NULL, pos = pos, name = DB$name)
     attach(NULL, pos = pos, name = DB$name)
    See section 'Good practice' in '?attach'.
Flavors: r-devel-linux-x86_64-debian-clang, r-devel-linux-x86_64-debian-gcc, r-patched-linux-x86_64, r-release-linux-x86_64

Version: 0.4-14
Check: tests
Result: ERROR
     Running ‘test_chartSeries.R’ [1s/1s]
     Running ‘test_getDividends.R’ [1s/3s]
     Running ‘test_getSplits.R’ [1s/3s]
     Running ‘test_getSymbols.R’ [2s/10s]
     Running ‘tests.R’ [1s/2s]
    Running the tests in ‘tests/test_getDividends.R’ failed.
    Complete output:
     > library(quantmod)
     Loading required package: xts
     Loading required package: zoo
    
     Attaching package: 'zoo'
    
     The following objects are masked from 'package:base':
    
     as.Date, as.Date.numeric
    
     Loading required package: TTR
     Registered S3 method overwritten by 'quantmod':
     method from
     as.zoo.data.frame zoo
     Version 0.4-0 included new data defaults. See ?getSymbols.
     >
     > # split-adjusted by default
     > cf.div.adj <- as.numeric(getDividends("CF")["2015"])
     > stopifnot(isTRUE(all.equal(cf.div.adj, rep(0.3, 4))))
     Error: isTRUE(all.equal(cf.div.adj, rep(0.3, 4))) is not TRUE
     Execution halted
Flavor: r-devel-linux-x86_64-debian-gcc

Version: 0.4-14
Check: tests
Result: ERROR
     Running ‘test_chartSeries.R’
     Running ‘test_getDividends.R’
     Running ‘test_getSplits.R’
     Running ‘test_getSymbols.R’
     Running ‘tests.R’
    Running the tests in ‘tests/test_getDividends.R’ failed.
    Complete output:
     > library(quantmod)
     Loading required package: xts
     Loading required package: zoo
    
     Attaching package: 'zoo'
    
     The following objects are masked from 'package:base':
    
     as.Date, as.Date.numeric
    
     Loading required package: TTR
     Registered S3 method overwritten by 'quantmod':
     method from
     as.zoo.data.frame zoo
     Version 0.4-0 included new data defaults. See ?getSymbols.
     >
     > # split-adjusted by default
     > cf.div.adj <- as.numeric(getDividends("CF")["2015"])
     > stopifnot(isTRUE(all.equal(cf.div.adj, rep(0.3, 4))))
     Error: isTRUE(all.equal(cf.div.adj, rep(0.3, 4))) is not TRUE
     Execution halted
Flavors: r-devel-linux-x86_64-fedora-clang, r-devel-linux-x86_64-fedora-gcc

Version: 0.4-14
Check: tests
Result: ERROR
     Running 'test_chartSeries.R' [1s]
     Running 'test_getDividends.R' [3s]
     Running 'test_getSplits.R' [3s]
     Running 'test_getSymbols.R' [14s]
     Running 'tests.R' [3s]
    Running the tests in 'tests/test_getDividends.R' failed.
    Complete output:
     > library(quantmod)
     Loading required package: xts
     Loading required package: zoo
    
     Attaching package: 'zoo'
    
     The following objects are masked from 'package:base':
    
     as.Date, as.Date.numeric
    
     Loading required package: TTR
     Registered S3 method overwritten by 'quantmod':
     method from
     as.zoo.data.frame zoo
     Version 0.4-0 included new data defaults. See ?getSymbols.
     >
     > # split-adjusted by default
     > cf.div.adj <- as.numeric(getDividends("CF")["2015"])
     > stopifnot(isTRUE(all.equal(cf.div.adj, rep(0.3, 4))))
     > cf.div.raw <- as.numeric(getDividends("CF", split.adjust = FALSE)["2015"])
     > stopifnot(isTRUE(all.equal(cf.div.raw, c(1.5, 1.5, 0.3, 0.3))))
     Error: isTRUE(all.equal(cf.div.raw, c(1.5, 1.5, 0.3, 0.3))) is not TRUE
     Execution halted
Flavor: r-devel-windows-ix86+x86_64

Version: 0.4-14
Check: tests
Result: ERROR
     Running ‘test_chartSeries.R’ [1s/1s]
     Running ‘test_getDividends.R’ [1s/3s]
     Running ‘test_getSplits.R’ [1s/3s]
     Running ‘test_getSymbols.R’ [2s/11s]
     Running ‘tests.R’ [1s/1s]
    Running the tests in ‘tests/test_getDividends.R’ failed.
    Complete output:
     > library(quantmod)
     Loading required package: xts
     Loading required package: zoo
    
     Attaching package: 'zoo'
    
     The following objects are masked from 'package:base':
    
     as.Date, as.Date.numeric
    
     Loading required package: TTR
     Registered S3 method overwritten by 'quantmod':
     method from
     as.zoo.data.frame zoo
     Version 0.4-0 included new data defaults. See ?getSymbols.
     >
     > # split-adjusted by default
     > cf.div.adj <- as.numeric(getDividends("CF")["2015"])
     > stopifnot(isTRUE(all.equal(cf.div.adj, rep(0.3, 4))))
     > cf.div.raw <- as.numeric(getDividends("CF", split.adjust = FALSE)["2015"])
     > stopifnot(isTRUE(all.equal(cf.div.raw, c(1.5, 1.5, 0.3, 0.3))))
     Error: isTRUE(all.equal(cf.div.raw, c(1.5, 1.5, 0.3, 0.3))) is not TRUE
     Execution halted
Flavor: r-patched-linux-x86_64

Version: 0.4-14
Check: tests
Result: ERROR
     Running ‘test_chartSeries.R’ [1s/1s]
     Running ‘test_getDividends.R’ [1s/3s]
     Running ‘test_getSplits.R’ [1s/2s]
     Running ‘test_getSymbols.R’ [2s/11s]
     Running ‘tests.R’ [1s/2s]
    Running the tests in ‘tests/test_getDividends.R’ failed.
    Complete output:
     > library(quantmod)
     Loading required package: xts
     Loading required package: zoo
    
     Attaching package: 'zoo'
    
     The following objects are masked from 'package:base':
    
     as.Date, as.Date.numeric
    
     Loading required package: TTR
     Registered S3 method overwritten by 'quantmod':
     method from
     as.zoo.data.frame zoo
     Version 0.4-0 included new data defaults. See ?getSymbols.
     >
     > # split-adjusted by default
     > cf.div.adj <- as.numeric(getDividends("CF")["2015"])
     > stopifnot(isTRUE(all.equal(cf.div.adj, rep(0.3, 4))))
     Error: isTRUE(all.equal(cf.div.adj, rep(0.3, 4))) is not TRUE
     Execution halted
Flavor: r-release-linux-x86_64

Version: 0.4-14
Check: tests
Result: ERROR
     Running 'test_chartSeries.R' [1s]
     Running 'test_getDividends.R' [3s]
     Running 'test_getSplits.R' [3s]
     Running 'test_getSymbols.R' [11s]
     Running 'tests.R' [2s]
    Running the tests in 'tests/test_getDividends.R' failed.
    Complete output:
     > library(quantmod)
     Loading required package: xts
     Loading required package: zoo
    
     Attaching package: 'zoo'
    
     The following objects are masked from 'package:base':
    
     as.Date, as.Date.numeric
    
     Loading required package: TTR
     Registered S3 method overwritten by 'quantmod':
     method from
     as.zoo.data.frame zoo
     Version 0.4-0 included new data defaults. See ?getSymbols.
     >
     > # split-adjusted by default
     > cf.div.adj <- as.numeric(getDividends("CF")["2015"])
     > stopifnot(isTRUE(all.equal(cf.div.adj, rep(0.3, 4))))
     Error: isTRUE(all.equal(cf.div.adj, rep(0.3, 4))) is not TRUE
     Execution halted
Flavor: r-release-windows-ix86+x86_64

Version: 0.4-14
Check: tests
Result: ERROR
     Running 'test_chartSeries.R' [1s]
     Running 'test_getDividends.R' [2s]
     Running 'test_getSplits.R' [2s]
     Running 'test_getSymbols.R' [11s]
     Running 'tests.R' [2s]
    Running the tests in 'tests/test_getDividends.R' failed.
    Complete output:
     > library(quantmod)
     Loading required package: xts
     Loading required package: zoo
    
     Attaching package: 'zoo'
    
     The following objects are masked from 'package:base':
    
     as.Date, as.Date.numeric
    
     Loading required package: TTR
     Version 0.4-0 included new data defaults. See ?getSymbols.
     >
     > # split-adjusted by default
     > cf.div.adj <- as.numeric(getDividends("CF")["2015"])
     > stopifnot(isTRUE(all.equal(cf.div.adj, rep(0.3, 4))))
     Error: isTRUE(all.equal(cf.div.adj, rep(0.3, 4))) is not TRUE
     Execution halted
Flavor: r-oldrel-windows-ix86+x86_64