CRAN Package Check Results for Package quRan

Last updated on 2019-09-20 01:47:53 CEST.

Flavor Version Tinstall Tcheck Ttotal Status Flags
r-devel-linux-x86_64-debian-clang 0.1.0 2.84 20.92 23.76 OK
r-devel-linux-x86_64-debian-gcc 0.1.0 2.37 16.70 19.07 OK
r-devel-linux-x86_64-fedora-clang 0.1.0 29.56 NOTE
r-devel-linux-x86_64-fedora-gcc 0.1.0 30.38 NOTE
r-devel-windows-ix86+x86_64 0.1.0 8.00 33.00 41.00 OK
r-patched-linux-x86_64 0.1.0 2.76 20.45 23.21 OK
r-patched-solaris-x86 0.1.0 44.80 NOTE
r-release-linux-x86_64 0.1.0 2.51 20.65 23.16 OK
r-release-windows-ix86+x86_64 0.1.0 6.00 50.00 56.00 OK
r-release-osx-x86_64 0.1.0 NOTE
r-oldrel-windows-ix86+x86_64 0.1.0 3.00 32.00 35.00 OK
r-oldrel-osx-x86_64 0.1.0 NOTE

Check Details

Version: 0.1.0
Check: data for non-ASCII characters
Result: NOTE
     Note: found 12928 marked UTF-8 strings
Flavors: r-devel-linux-x86_64-fedora-clang, r-devel-linux-x86_64-fedora-gcc, r-patched-solaris-x86, r-release-osx-x86_64, r-oldrel-osx-x86_64