CRAN Package Check Results for Package qrencoder

Last updated on 2019-09-20 01:47:52 CEST.

Flavor Version Tinstall Tcheck Ttotal Status Flags
r-devel-linux-x86_64-debian-clang 0.1.0 22.90 61.91 84.81 OK
r-devel-linux-x86_64-debian-gcc 0.1.0 17.37 49.60 66.97 OK
r-devel-linux-x86_64-fedora-clang 0.1.0 111.95 NOTE
r-devel-linux-x86_64-fedora-gcc 0.1.0 110.20 NOTE
r-devel-windows-ix86+x86_64 0.1.0 71.00 103.00 174.00 OK
r-patched-linux-x86_64 0.1.0 19.10 61.53 80.63 OK
r-patched-solaris-x86 0.1.0 139.70 OK
r-release-linux-x86_64 0.1.0 18.89 61.75 80.64 OK
r-release-windows-ix86+x86_64 0.1.0 47.00 107.00 154.00 OK
r-release-osx-x86_64 0.1.0 OK
r-oldrel-windows-ix86+x86_64 0.1.0 41.00 96.00 137.00 OK
r-oldrel-osx-x86_64 0.1.0 OK

Check Details

Version: 0.1.0
Check: compiled code
Result: NOTE
    File ‘qrencoder/libs/qrencoder.so’:
     Found no calls to: ‘R_registerRoutines’, ‘R_useDynamicSymbols’
    
    It is good practice to register native routines and to disable symbol
    search.
    
    See ‘Writing portable packages’ in the ‘Writing R Extensions’ manual.
Flavors: r-devel-linux-x86_64-fedora-clang, r-devel-linux-x86_64-fedora-gcc