CRAN Package Check Results for Package pulsar

Last updated on 2018-08-22 06:46:59 CEST.

Flavor Version Tinstall Tcheck Ttotal Status Flags
r-devel-linux-x86_64-debian-clang 0.3.3 5.73 161.61 167.34 ERROR
r-devel-linux-x86_64-debian-gcc 0.3.3 4.25 130.94 135.19 ERROR
r-devel-linux-x86_64-fedora-clang 0.3.3 195.70 ERROR
r-devel-linux-x86_64-fedora-gcc 0.3.3 138.22 ERROR
r-devel-windows-ix86+x86_64 0.3.3 9.00 174.00 183.00 ERROR
r-patched-linux-x86_64 0.3.3 3.85 142.12 145.97 ERROR
r-patched-solaris-x86 0.3.3 224.50 ERROR
r-release-linux-x86_64 0.3.3 4.54 142.30 146.84 ERROR
r-release-windows-ix86+x86_64 0.3.3 11.00 147.00 158.00 ERROR
r-release-osx-x86_64 0.3.3 ERROR
r-oldrel-windows-ix86+x86_64 0.3.3 6.00 147.00 153.00 OK
r-oldrel-osx-x86_64 0.3.3 ERROR

Check Details

Version: 0.3.3
Check: tests
Result: ERROR
     Running ‘testthat.R’ [11s/12s]
    Running the tests in ‘tests/testthat.R’ failed.
    Complete output:
     > suppressPackageStartupMessages(library(testthat))
     > suppressPackageStartupMessages(library(pulsar))
     >
     > testthat::test_check("pulsar")
     ── 1. Error: (unknown) (@test_pulsar.R#15) ────────────────────────────────────
     object 'fp' not found
     1: batchtools:::fp at testthat/test_pulsar.R:15
     2: get(name, envir = asNamespace(pkg), inherits = FALSE)
    
     ══ testthat results ═══════════════════════════════════════════════════════════
     OK: 36 SKIPPED: 0 FAILED: 1
     1. Error: (unknown) (@test_pulsar.R#15)
    
     Error: testthat unit tests failed
     Execution halted
Flavor: r-devel-linux-x86_64-debian-clang

Version: 0.3.3
Check: tests
Result: ERROR
     Running ‘testthat.R’ [10s/14s]
    Running the tests in ‘tests/testthat.R’ failed.
    Complete output:
     > suppressPackageStartupMessages(library(testthat))
     > suppressPackageStartupMessages(library(pulsar))
     >
     > testthat::test_check("pulsar")
     ── 1. Error: (unknown) (@test_pulsar.R#15) ────────────────────────────────────
     object 'fp' not found
     1: batchtools:::fp at testthat/test_pulsar.R:15
     2: get(name, envir = asNamespace(pkg), inherits = FALSE)
    
     ══ testthat results ═══════════════════════════════════════════════════════════
     OK: 36 SKIPPED: 0 FAILED: 1
     1. Error: (unknown) (@test_pulsar.R#15)
    
     Error: testthat unit tests failed
     Execution halted
Flavor: r-devel-linux-x86_64-debian-gcc

Version: 0.3.3
Check: tests
Result: ERROR
     Running ‘testthat.R’ [14s/19s]
    Running the tests in ‘tests/testthat.R’ failed.
    Complete output:
     > suppressPackageStartupMessages(library(testthat))
     > suppressPackageStartupMessages(library(pulsar))
     >
     > testthat::test_check("pulsar")
     ── 1. Error: (unknown) (@test_pulsar.R#15) ────────────────────────────────────
     object 'fp' not found
     1: batchtools:::fp at testthat/test_pulsar.R:15
     2: get(name, envir = asNamespace(pkg), inherits = FALSE)
    
     ══ testthat results ═══════════════════════════════════════════════════════════
     OK: 36 SKIPPED: 0 FAILED: 1
     1. Error: (unknown) (@test_pulsar.R#15)
    
     Error: testthat unit tests failed
     Execution halted
Flavor: r-devel-linux-x86_64-fedora-clang

Version: 0.3.3
Check: tests
Result: ERROR
     Running ‘testthat.R’
    Running the tests in ‘tests/testthat.R’ failed.
    Complete output:
     > suppressPackageStartupMessages(library(testthat))
     > suppressPackageStartupMessages(library(pulsar))
     >
     > testthat::test_check("pulsar")
     ── 1. Error: (unknown) (@test_pulsar.R#15) ────────────────────────────────────
     object 'fp' not found
     1: batchtools:::fp at testthat/test_pulsar.R:15
     2: get(name, envir = asNamespace(pkg), inherits = FALSE)
    
     ══ testthat results ═══════════════════════════════════════════════════════════
     OK: 36 SKIPPED: 0 FAILED: 1
     1. Error: (unknown) (@test_pulsar.R#15)
    
     Error: testthat unit tests failed
     Execution halted
Flavor: r-devel-linux-x86_64-fedora-gcc

Version: 0.3.3
Check: tests
Result: ERROR
     Running 'testthat.R' [14s]
    Running the tests in 'tests/testthat.R' failed.
    Complete output:
     > suppressPackageStartupMessages(library(testthat))
     > suppressPackageStartupMessages(library(pulsar))
     >
     > testthat::test_check("pulsar")
     -- 1. Error: (unknown) (@test_pulsar.R#15) ------------------------------------
     object 'fp' not found
     1: batchtools:::fp at testthat/test_pulsar.R:15
     2: get(name, envir = asNamespace(pkg), inherits = FALSE)
    
     == testthat results ===========================================================
     OK: 36 SKIPPED: 0 FAILED: 1
     1. Error: (unknown) (@test_pulsar.R#15)
    
     Error: testthat unit tests failed
     Execution halted
Flavor: r-devel-windows-ix86+x86_64

Version: 0.3.3
Check: tests
Result: ERROR
     Running ‘testthat.R’ [10s/11s]
    Running the tests in ‘tests/testthat.R’ failed.
    Complete output:
     > suppressPackageStartupMessages(library(testthat))
     > suppressPackageStartupMessages(library(pulsar))
     >
     > testthat::test_check("pulsar")
     ── 1. Error: (unknown) (@test_pulsar.R#15) ────────────────────────────────────
     object 'fp' not found
     1: batchtools:::fp at testthat/test_pulsar.R:15
     2: get(name, envir = asNamespace(pkg), inherits = FALSE)
    
     ══ testthat results ═══════════════════════════════════════════════════════════
     OK: 36 SKIPPED: 0 FAILED: 1
     1. Error: (unknown) (@test_pulsar.R#15)
    
     Error: testthat unit tests failed
     Execution halted
Flavors: r-patched-linux-x86_64, r-release-linux-x86_64

Version: 0.3.3
Check: tests
Result: ERROR
     Running ‘testthat.R’ [15s/15s]
    Running the tests in ‘tests/testthat.R’ failed.
    Complete output:
     > suppressPackageStartupMessages(library(testthat))
     > suppressPackageStartupMessages(library(pulsar))
     >
     > testthat::test_check("pulsar")
     ── 1. Error: (unknown) (@test_pulsar.R#15) ────────────────────────────────────
     object 'fp' not found
     1: batchtools:::fp at testthat/test_pulsar.R:15
     2: get(name, envir = asNamespace(pkg), inherits = FALSE)
    
     ══ testthat results ═══════════════════════════════════════════════════════════
     OK: 36 SKIPPED: 0 FAILED: 1
     1. Error: (unknown) (@test_pulsar.R#15)
    
     Error: testthat unit tests failed
     Execution halted
Flavor: r-patched-solaris-x86

Version: 0.3.3
Check: tests
Result: ERROR
     Running 'testthat.R' [13s]
    Running the tests in 'tests/testthat.R' failed.
    Complete output:
     > suppressPackageStartupMessages(library(testthat))
     > suppressPackageStartupMessages(library(pulsar))
     >
     > testthat::test_check("pulsar")
     -- 1. Error: (unknown) (@test_pulsar.R#15) ------------------------------------
     object 'fp' not found
     1: batchtools:::fp at testthat/test_pulsar.R:15
     2: get(name, envir = asNamespace(pkg), inherits = FALSE)
    
     == testthat results ===========================================================
     OK: 36 SKIPPED: 0 FAILED: 1
     1. Error: (unknown) (@test_pulsar.R#15)
    
     Error: testthat unit tests failed
     Execution halted
Flavor: r-release-windows-ix86+x86_64

Version: 0.3.3
Check: tests
Result: ERROR
     Running ‘testthat.R’ [11s/11s]
    Running the tests in ‘tests/testthat.R’ failed.
    Last 13 lines of output:
     > suppressPackageStartupMessages(library(testthat))
     > suppressPackageStartupMessages(library(pulsar))
     >
     > testthat::test_check("pulsar")
     ── 1. Error: (unknown) (@test_pulsar.R#15) ────────────────────────────────────
     object 'fp' not found
     1: batchtools:::fp at testthat/test_pulsar.R:15
     2: get(name, envir = asNamespace(pkg), inherits = FALSE)
    
     ══ testthat results ═══════════════════════════════════════════════════════════
     OK: 36 SKIPPED: 0 FAILED: 1
     1. Error: (unknown) (@test_pulsar.R#15)
    
     Error: testthat unit tests failed
     Execution halted
Flavors: r-release-osx-x86_64, r-oldrel-osx-x86_64