CRAN Package Check Results for Package prozor

Last updated on 2019-09-19 16:48:07 CEST.

Flavor Version Tinstall Tcheck Ttotal Status Flags
r-devel-linux-x86_64-debian-clang 0.2.11 9.41 410.93 420.34 NOTE
r-devel-linux-x86_64-debian-gcc 0.2.11 7.76 299.03 306.79 NOTE
r-devel-linux-x86_64-fedora-clang 0.2.11 479.85 NOTE
r-devel-linux-x86_64-fedora-gcc 0.2.11 454.02 NOTE
r-devel-windows-ix86+x86_64 0.2.11 32.00 389.00 421.00 NOTE
r-patched-linux-x86_64 0.2.11 9.72 382.59 392.31 OK
r-patched-solaris-x86 0.2.11 772.30 NOTE
r-release-linux-x86_64 0.2.11 8.37 381.72 390.09 OK
r-release-windows-ix86+x86_64 0.2.11 20.00 491.00 511.00 NOTE
r-release-osx-x86_64 0.2.11 NOTE
r-oldrel-windows-ix86+x86_64 0.2.11 9.00 400.00 409.00 NOTE
r-oldrel-osx-x86_64 0.2.11 NOTE

Check Details

Version: 0.2.11
Check: package vignettes
Result: NOTE
    Package vignette with placeholder title 'Vignette Title':
     'TargetDecoyFDR_Example.Rmd'
Flavors: r-devel-linux-x86_64-debian-clang, r-devel-linux-x86_64-debian-gcc, r-devel-windows-ix86+x86_64

Version: 0.2.11
Check: installed package size
Result: NOTE
     installed size is 5.6Mb
     sub-directories of 1Mb or more:
     data 1.7Mb
     extdata 2.3Mb
Flavors: r-devel-linux-x86_64-fedora-clang, r-devel-windows-ix86+x86_64, r-patched-solaris-x86, r-release-windows-ix86+x86_64, r-release-osx-x86_64, r-oldrel-windows-ix86+x86_64, r-oldrel-osx-x86_64

Version: 0.2.11
Check: dependencies in R code
Result: NOTE
    Namespaces in Imports field not imported from:
     ‘dplyr’ ‘readr’
     All declared Imports should be used.
Flavors: r-devel-linux-x86_64-fedora-clang, r-devel-linux-x86_64-fedora-gcc, r-patched-solaris-x86, r-release-osx-x86_64, r-oldrel-osx-x86_64