CRAN Package Check Results for Package prototest

Last updated on 2019-05-21 14:48:06 CEST.

Flavor Version Tinstall Tcheck Ttotal Status Flags
r-devel-linux-x86_64-debian-clang 1.2 64.63 82.55 147.18 OK
r-devel-linux-x86_64-debian-gcc 1.2 50.56 65.34 115.90 OK
r-devel-linux-x86_64-fedora-clang 1.2 214.24 NOTE
r-devel-linux-x86_64-fedora-gcc 1.2 188.54 NOTE
r-devel-windows-ix86+x86_64 1.2 107.00 184.00 291.00 OK
r-patched-linux-x86_64 1.2 57.82 81.50 139.32 OK
r-patched-solaris-x86 1.2 241.40 OK
r-release-linux-x86_64 1.2 64.01 82.58 146.59 OK
r-release-windows-ix86+x86_64 1.2 157.00 191.00 348.00 OK
r-release-osx-x86_64 1.2 OK
r-oldrel-windows-ix86+x86_64 1.2 103.00 138.00 241.00 OK
r-oldrel-osx-x86_64 1.2 OK

Check Details

Version: 1.2
Check: compiled code
Result: NOTE
    File ‘prototest/libs/prototest.so’:
     Found no calls to: ‘R_registerRoutines’, ‘R_useDynamicSymbols’
    
    It is good practice to register native routines and to disable symbol
    search.
    
    See ‘Writing portable packages’ in the ‘Writing R Extensions’ manual.
Flavors: r-devel-linux-x86_64-fedora-clang, r-devel-linux-x86_64-fedora-gcc