CRAN Package Check Results for Package ppclust

Last updated on 2018-10-18 23:48:35 CEST.

Flavor Version Tinstall Tcheck Ttotal Status Flags
r-devel-linux-x86_64-debian-clang 0.1.1 6.21 315.14 321.35 OK
r-devel-linux-x86_64-debian-gcc 0.1.1 6.32 239.86 246.18 OK
r-devel-linux-x86_64-fedora-clang 0.1.1 396.69 NOTE
r-devel-linux-x86_64-fedora-gcc 0.1.1 399.31 OK
r-devel-windows-ix86+x86_64 0.1.1 13.00 408.00 421.00 NOTE
r-patched-linux-x86_64 0.1.1 6.12 320.39 326.51 OK
r-patched-solaris-x86 0.1.1 472.40 NOTE
r-release-linux-x86_64 0.1.1 5.58 340.21 345.79 OK
r-release-windows-ix86+x86_64 0.1.1 12.00 436.00 448.00 NOTE
r-release-osx-x86_64 0.1.1 NOTE
r-oldrel-windows-ix86+x86_64 0.1.1 6.00 532.00 538.00 NOTE
r-oldrel-osx-x86_64 0.1.1 NOTE

Check Details

Version: 0.1.1
Check: installed package size
Result: NOTE
     installed size is 5.4Mb
     sub-directories of 1Mb or more:
     doc 4.9Mb
Flavors: r-devel-linux-x86_64-fedora-clang, r-devel-windows-ix86+x86_64, r-patched-solaris-x86, r-release-windows-ix86+x86_64, r-release-osx-x86_64, r-oldrel-windows-ix86+x86_64, r-oldrel-osx-x86_64