CRAN Package Check Results for Package ppclust

Last updated on 2018-07-20 15:48:30 CEST.

Flavor Version Tinstall Tcheck Ttotal Status Flags
r-devel-linux-x86_64-debian-clang 0.1.1 8.06 343.53 351.59 OK
r-devel-linux-x86_64-debian-gcc 0.1.1 6.32 243.32 249.64 OK
r-devel-linux-x86_64-fedora-clang 0.1.1 379.50 NOTE
r-devel-linux-x86_64-fedora-gcc 0.1.1 386.36 OK
r-devel-windows-ix86+x86_64 0.1.1 10.00 447.00 457.00 NOTE
r-patched-linux-x86_64 0.1.1 5.36 324.35 329.71 OK
r-patched-solaris-x86 0.1.1 516.70 NOTE
r-release-linux-x86_64 0.1.1 6.04 347.12 353.16 OK
r-release-windows-ix86+x86_64 0.1.1 14.00 436.00 450.00 NOTE
r-release-osx-x86_64 0.1.1 NOTE
r-oldrel-windows-ix86+x86_64 0.1.1 7.00 372.00 379.00 NOTE
r-oldrel-osx-x86_64 0.1.1 NOTE

Check Details

Version: 0.1.1
Check: installed package size
Result: NOTE
     installed size is 5.4Mb
     sub-directories of 1Mb or more:
     doc 4.9Mb
Flavors: r-devel-linux-x86_64-fedora-clang, r-devel-windows-ix86+x86_64, r-patched-solaris-x86, r-release-windows-ix86+x86_64, r-release-osx-x86_64, r-oldrel-windows-ix86+x86_64, r-oldrel-osx-x86_64