CRAN Package Check Results for Package pointRes

Last updated on 2019-04-21 07:47:22 CEST.

Flavor Version Tinstall Tcheck Ttotal Status Flags
r-devel-linux-x86_64-debian-clang 1.1.3 4.43 54.58 59.01 OK
r-devel-linux-x86_64-debian-gcc 1.1.3 4.82 44.67 49.49 OK
r-devel-linux-x86_64-fedora-clang 1.1.3 69.13 OK
r-devel-linux-x86_64-fedora-gcc 1.1.3 64.62 OK
r-devel-windows-ix86+x86_64 1.1.3 18.00 90.00 108.00 OK
r-patched-linux-x86_64 1.1.3 4.99 52.32 57.31 OK
r-patched-solaris-x86 1.1.3 100.90 OK
r-release-linux-x86_64 1.1.3 3.87 53.39 57.26 OK
r-release-windows-ix86+x86_64 1.1.3 8.00 103.00 111.00 OK
r-release-osx-x86_64 1.1.3 OK
r-oldrel-windows-ix86+x86_64 1.1.3 12.00 103.00 115.00 OK
r-oldrel-osx-x86_64 1.1.3 NOTE

Check Details

Version: 1.1.3
Check: package dependencies
Result: NOTE
    Package suggested but not available for checking: ‘dplR’
Flavor: r-oldrel-osx-x86_64