CRAN Package Check Results for Package pmclust

Last updated on 2018-11-18 10:50:10 CET.

Flavor Version Tinstall Tcheck Ttotal Status Flags
r-devel-linux-x86_64-debian-clang 0.2-0 5.63 52.75 58.38 OK
r-devel-linux-x86_64-debian-gcc 0.2-0 5.22 42.54 47.76 OK
r-devel-linux-x86_64-fedora-clang 0.2-0 71.30 OK
r-devel-linux-x86_64-fedora-gcc 0.2-0 69.50 OK
r-devel-windows-ix86+x86_64 0.2-0 17.00 82.00 99.00 OK
r-patched-linux-x86_64 0.2-0 6.39 51.77 58.16 OK
r-patched-solaris-x86 0.2-0 97.10 OK
r-release-linux-x86_64 0.2-0 6.30 51.41 57.71 OK
r-release-windows-ix86+x86_64 0.2-0 18.00 105.00 123.00 OK
r-release-osx-x86_64 0.2-0 ERROR
r-oldrel-windows-ix86+x86_64 0.2-0 19.00 114.00 133.00 OK
r-oldrel-osx-x86_64 0.2-0 ERROR

Check Details

Version: 0.2-0
Check: package dependencies
Result: ERROR
    Packages required but not available: ‘pbdMPI’ ‘pbdBASE’ ‘pbdDMAT’
    
    See section ‘The DESCRIPTION file’ in the ‘Writing R Extensions’
    manual.
Flavors: r-release-osx-x86_64, r-oldrel-osx-x86_64