CRAN Package Check Results for Package pmclust

Last updated on 2017-12-13 13:47:06 CET.

Flavor Version Tinstall Tcheck Ttotal Status Flags
r-devel-linux-x86_64-debian-clang 0.1-9 3.44 49.31 52.75 NOTE
r-devel-linux-x86_64-debian-gcc 0.1-9 2.46 40.70 43.16 NOTE
r-devel-linux-x86_64-fedora-clang 0.1-9 61.54 NOTE
r-devel-linux-x86_64-fedora-gcc 0.1-9 63.20 NOTE
r-devel-windows-ix86+x86_64 0.1-9 17.00 79.00 96.00 OK
r-patched-linux-x86_64 0.1-9 3.57 50.98 54.55 NOTE
r-patched-solaris-x86 0.1-9 83.40 OK
r-release-linux-x86_64 0.1-9 2.83 51.49 54.32 NOTE
r-release-windows-ix86+x86_64 0.1-9 11.00 117.00 128.00 OK
r-release-osx-x86_64 0.1-9 ERROR
r-oldrel-windows-ix86+x86_64 0.1-9 14.00 105.00 119.00 OK
r-oldrel-osx-x86_64 0.1-9 ERROR

Check Details

Version: 0.1-9
Check: compiled code
Result: NOTE
    File ‘pmclust/libs/pmclust.so’:
     Found no calls to: ‘R_registerRoutines’, ‘R_useDynamicSymbols’
    
    It is good practice to register native routines and to disable symbol
    search.
    
    See ‘Writing portable packages’ in the ‘Writing R Extensions’ manual.
Flavors: r-devel-linux-x86_64-debian-clang, r-devel-linux-x86_64-debian-gcc, r-devel-linux-x86_64-fedora-clang, r-devel-linux-x86_64-fedora-gcc, r-patched-linux-x86_64, r-release-linux-x86_64

Version: 0.1-9
Check: package dependencies
Result: ERROR
    Packages required but not available: ‘pbdMPI’ ‘pbdBASE’ ‘pbdDMAT’
    
    See section ‘The DESCRIPTION file’ in the ‘Writing R Extensions’
    manual.
Flavors: r-release-osx-x86_64, r-oldrel-osx-x86_64