CRAN Package Check Results for Package pmclust

Last updated on 2018-05-21 00:50:13 CEST.

Flavor Version Tinstall Tcheck Ttotal Status Flags
r-devel-linux-x86_64-debian-clang 0.2-0 5.45 48.33 53.78 OK
r-devel-linux-x86_64-debian-gcc 0.2-0 4.77 43.03 47.80 OK
r-devel-linux-x86_64-fedora-clang 0.2-0 73.57 OK
r-devel-linux-x86_64-fedora-gcc 0.2-0 75.27 OK
r-devel-windows-ix86+x86_64 0.2-0 11.00 111.00 122.00 OK
r-patched-linux-x86_64 0.2-0 6.40 50.28 56.68 OK
r-patched-solaris-x86 0.2-0 95.70 OK
r-release-linux-x86_64 0.2-0 5.64 50.16 55.80 OK
r-release-windows-ix86+x86_64 0.2-0 11.00 83.00 94.00 OK
r-release-osx-x86_64 0.2-0 ERROR
r-oldrel-windows-ix86+x86_64 0.2-0 13.00 109.00 122.00 OK
r-oldrel-osx-x86_64 0.2-0 ERROR

Check Details

Version: 0.2-0
Check: package dependencies
Result: ERROR
    Packages required but not available: ‘pbdMPI’ ‘pbdBASE’ ‘pbdDMAT’
    
    See section ‘The DESCRIPTION file’ in the ‘Writing R Extensions’
    manual.
Flavors: r-release-osx-x86_64, r-oldrel-osx-x86_64