CRAN Package Check Results for Package plotGMM

Last updated on 2019-08-21 22:48:47 CEST.

Flavor Version Tinstall Tcheck Ttotal Status Flags
r-devel-linux-x86_64-debian-clang 0.2.1 2.05 31.45 33.50 OK
r-devel-linux-x86_64-debian-gcc 0.2.1 OK
r-devel-linux-x86_64-fedora-clang 0.2.1 38.70 NOTE
r-devel-linux-x86_64-fedora-gcc 0.2.1 38.17 NOTE
r-devel-windows-ix86+x86_64 0.2.1 8.00 48.00 56.00 OK
r-patched-linux-x86_64 0.2.1 1.72 30.68 32.40 OK
r-patched-solaris-x86 0.2.1 61.20 NOTE
r-release-linux-x86_64 0.2.1 1.72 31.72 33.44 OK
r-release-windows-ix86+x86_64 0.2.1 5.00 44.00 49.00 OK
r-release-osx-x86_64 0.2.1 NOTE
r-oldrel-windows-ix86+x86_64 0.2.1 5.00 63.00 68.00 OK
r-oldrel-osx-x86_64 0.2.1 NOTE

Check Details

Version: 0.2.1
Check: dependencies in R code
Result: NOTE
    Namespace in Imports field not imported from: ‘graphics’
     All declared Imports should be used.
Flavors: r-devel-linux-x86_64-fedora-clang, r-devel-linux-x86_64-fedora-gcc, r-patched-solaris-x86, r-release-osx-x86_64, r-oldrel-osx-x86_64