CRAN Package Check Results for Package plotGMM

Last updated on 2019-12-16 05:46:40 CET.

Flavor Version Tinstall Tcheck Ttotal Status Flags
r-devel-linux-x86_64-debian-clang 0.2.1 2.06 33.68 35.74 OK
r-devel-linux-x86_64-debian-gcc 0.2.1 1.74 25.66 27.40 OK
r-devel-linux-x86_64-fedora-clang 0.2.1 43.56 NOTE
r-devel-linux-x86_64-fedora-gcc 0.2.1 42.89 NOTE
r-devel-windows-ix86+x86_64 0.2.1 6.00 58.00 64.00 OK
r-devel-windows-ix86+x86_64-gcc8 0.2.1 7.00 68.00 75.00 OK
r-patched-linux-x86_64 0.2.1 1.69 30.81 32.50 OK
r-patched-solaris-x86 0.2.1 58.50 NOTE
r-release-linux-x86_64 0.2.1 1.60 30.30 31.90 OK
r-release-windows-ix86+x86_64 0.2.1 5.00 44.00 49.00 OK
r-release-osx-x86_64 0.2.1 NOTE
r-oldrel-windows-ix86+x86_64 0.2.1 2.00 46.00 48.00 OK
r-oldrel-osx-x86_64 0.2.1 NOTE

Check Details

Version: 0.2.1
Check: dependencies in R code
Result: NOTE
    Namespace in Imports field not imported from: ‘graphics’
     All declared Imports should be used.
Flavors: r-devel-linux-x86_64-fedora-clang, r-devel-linux-x86_64-fedora-gcc, r-patched-solaris-x86, r-release-osx-x86_64, r-oldrel-osx-x86_64