CRAN Package Check Results for Package plot3Drgl

Last updated on 2020-01-20 22:51:51 CET.

Flavor Version Tinstall Tcheck Ttotal Status Flags
r-devel-linux-x86_64-debian-clang 1.0.1 5.31 58.80 64.11 OK
r-devel-linux-x86_64-debian-gcc 1.0.1 4.60 45.47 50.07 OK
r-devel-linux-x86_64-fedora-clang 1.0.1 80.71 OK
r-devel-linux-x86_64-fedora-gcc 1.0.1 80.13 OK
r-devel-windows-ix86+x86_64 1.0.1 22.00 86.00 108.00 OK
r-devel-windows-ix86+x86_64-gcc8 1.0.1 14.00 106.00 120.00 OK
r-patched-linux-x86_64 1.0.1 4.99 54.47 59.46 OK
r-patched-solaris-x86 1.0.1 91.00 OK
r-release-linux-x86_64 1.0.1 5.02 54.52 59.54 OK
r-release-windows-ix86+x86_64 1.0.1 9.00 143.00 152.00 OK
r-release-osx-x86_64 1.0.1 WARN
r-oldrel-windows-ix86+x86_64 1.0.1 6.00 126.00 132.00 OK
r-oldrel-osx-x86_64 1.0.1 OK

Check Details

Version: 1.0.1
Check: whether package can be installed
Result: WARN
    Found the following significant warnings:
     Warning: 'rgl_init' failed, running with rgl.useNULL = TRUE
Flavor: r-release-osx-x86_64