CRAN Package Check Results for Package plot3Drgl

Last updated on 2019-09-15 19:49:10 CEST.

Flavor Version Tinstall Tcheck Ttotal Status Flags
r-devel-linux-x86_64-debian-clang 1.0.1 5.00 54.67 59.67 OK
r-devel-linux-x86_64-debian-gcc 1.0.1 4.29 42.14 46.43 OK
r-devel-linux-x86_64-fedora-clang 1.0.1 73.90 OK
r-devel-linux-x86_64-fedora-gcc 1.0.1 78.69 OK
r-devel-windows-ix86+x86_64 1.0.1 25.00 81.00 106.00 OK
r-patched-linux-x86_64 1.0.1 3.99 53.92 57.91 OK
r-patched-solaris-x86 1.0.1 89.30 OK
r-release-linux-x86_64 1.0.1 3.84 53.95 57.79 OK
r-release-windows-ix86+x86_64 1.0.1 10.00 116.00 126.00 OK
r-release-osx-x86_64 1.0.1 WARN
r-oldrel-windows-ix86+x86_64 1.0.1 10.00 75.00 85.00 OK
r-oldrel-osx-x86_64 1.0.1 OK

Check Details

Version: 1.0.1
Check: whether package can be installed
Result: WARN
    Found the following significant warnings:
     Warning: 'rgl_init' failed, running with rgl.useNULL = TRUE
Flavor: r-release-osx-x86_64