CRAN Package Check Results for Package phylocanvas

Last updated on 2019-12-16 05:46:38 CET.

Flavor Version Tinstall Tcheck Ttotal Status Flags
r-devel-linux-x86_64-debian-clang 0.1.3 8.17 70.89 79.06 OK
r-devel-linux-x86_64-debian-gcc 0.1.3 7.23 54.37 61.60 OK
r-devel-linux-x86_64-fedora-clang 0.1.3 95.14 OK
r-devel-linux-x86_64-fedora-gcc 0.1.3 90.15 OK
r-devel-windows-ix86+x86_64 0.1.3 21.00 114.00 135.00 OK
r-devel-windows-ix86+x86_64-gcc8 0.1.3 24.00 121.00 145.00 OK
r-patched-linux-x86_64 0.1.3 6.63 62.61 69.24 OK
r-patched-solaris-x86 0.1.3 124.70 WARN
r-release-linux-x86_64 0.1.3 6.64 62.04 68.68 OK
r-release-windows-ix86+x86_64 0.1.3 14.00 85.00 99.00 OK
r-release-osx-x86_64 0.1.3 WARN
r-oldrel-windows-ix86+x86_64 0.1.3 10.00 71.00 81.00 OK
r-oldrel-osx-x86_64 0.1.3 WARN

Check Details

Version: 0.1.3
Check: re-building of vignette outputs
Result: WARN
    Error(s) in re-building vignettes:
     ...
    --- re-building ‘Advanced_Usage.Rmd’ using rmarkdown
    Warning in engine$weave(file, quiet = quiet, encoding = enc) :
     Pandoc (>= 1.12.3) and/or pandoc-citeproc not available. Falling back to R Markdown v1.
    Quitting from lines 20-27 (Advanced_Usage.Rmd)
    Error: processing vignette 'Advanced_Usage.Rmd' failed with diagnostics:
    there is no package called 'webshot'
    --- failed re-building ‘Advanced_Usage.Rmd’
    
    --- re-building ‘Basic_Use.Rmd’ using rmarkdown
    Warning in engine$weave(file, quiet = quiet, encoding = enc) :
     Pandoc (>= 1.12.3) and/or pandoc-citeproc not available. Falling back to R Markdown v1.
    Quitting from lines 30-32 (Basic_Use.Rmd)
    Error: processing vignette 'Basic_Use.Rmd' failed with diagnostics:
    there is no package called 'webshot'
    --- failed re-building ‘Basic_Use.Rmd’
    
    SUMMARY: processing the following files failed:
     ‘Advanced_Usage.Rmd’ ‘Basic_Use.Rmd’
    
    Error: Vignette re-building failed.
    Execution halted
Flavor: r-patched-solaris-x86

Version: 0.1.3
Check: re-building of vignette outputs
Result: WARN
    Error(s) in re-building vignettes:
    --- re-building ‘Advanced_Usage.Rmd’ using rmarkdown
    Warning in engine$weave(file, quiet = quiet, encoding = enc) :
     Pandoc (>= 1.12.3) and/or pandoc-citeproc not available. Falling back to R Markdown v1.
    Warning in normalizePath(f2) :
     path[1]="webshotc4dc454c7107.png": No such file or directory
    Warning in file(con, "rb") :
     cannot open file 'webshotc4dc454c7107.png': No such file or directory
    Quitting from lines 20-27 (Advanced_Usage.Rmd)
    Error: processing vignette 'Advanced_Usage.Rmd' failed with diagnostics:
    cannot open the connection
    --- failed re-building ‘Advanced_Usage.Rmd’
    
    --- re-building ‘Basic_Use.Rmd’ using rmarkdown
    Warning in engine$weave(file, quiet = quiet, encoding = enc) :
     Pandoc (>= 1.12.3) and/or pandoc-citeproc not available. Falling back to R Markdown v1.
    Quitting from lines 30-32 (Basic_Use.Rmd)
    Error: processing vignette 'Basic_Use.Rmd' failed with diagnostics:
    cannot open the connection
    --- failed re-building ‘Basic_Use.Rmd’
    
    SUMMARY: processing the following files failed:
     ‘Advanced_Usage.Rmd’ ‘Basic_Use.Rmd’
    
    Error: Vignette re-building failed.
    Execution halted
Flavor: r-release-osx-x86_64

Version: 0.1.3
Check: re-building of vignette outputs
Result: WARN
    Error in re-building vignettes:
     ...
    Warning in engine$weave(file, quiet = quiet, encoding = enc) :
     Pandoc (>= 1.12.3) and/or pandoc-citeproc not available. Falling back to R Markdown v1.
    Warning in normalizePath(f2) :
     path[1]="./webshot19c9635f8145.png": No such file or directory
    Warning in file(con, "rb") :
     cannot open file './webshot19c9635f8145.png': No such file or directory
    Quitting from lines 20-27 (Advanced_Usage.Rmd)
    Error: processing vignette 'Advanced_Usage.Rmd' failed with diagnostics:
    cannot open the connection
    Execution halted
Flavor: r-oldrel-osx-x86_64