CRAN Package Check Results for Package pedquant

Last updated on 2019-08-19 11:49:09 CEST.

Flavor Version Tinstall Tcheck Ttotal Status Flags
r-devel-linux-x86_64-debian-clang 0.1.2 12.92 63.47 76.39 OK
r-devel-linux-x86_64-debian-gcc 0.1.2 8.45 48.23 56.68 OK
r-devel-linux-x86_64-fedora-clang 0.1.2 86.84 OK
r-devel-linux-x86_64-fedora-gcc 0.1.2 84.96 OK
r-devel-windows-ix86+x86_64 0.1.2 36.00 88.00 124.00 OK
r-patched-linux-x86_64 0.1.2 11.62 61.30 72.92 OK
r-patched-solaris-x86 0.1.2 136.20 OK
r-release-linux-x86_64 0.1.2 9.86 61.16 71.02 OK
r-release-windows-ix86+x86_64 0.1.2 21.00 77.00 98.00 OK
r-release-osx-x86_64 0.1.2 OK
r-oldrel-windows-ix86+x86_64 0.1.2 21.00 63.00 84.00 WARN
r-oldrel-osx-x86_64 0.1.2 OK

Check Details

Version: 0.1.2
Check: whether package can be installed
Result: WARN
    Found the following significant warnings:
     Warning: unable to re-encode 'pq_perf.R' line 1
Flavor: r-oldrel-windows-ix86+x86_64