CRAN Package Check Results for Package pbdDMAT

Last updated on 2019-12-16 04:48:14 CET.

Flavor Version Tinstall Tcheck Ttotal Status Flags
r-devel-linux-x86_64-debian-clang 0.5-1 14.89 72.63 87.52 OK
r-devel-linux-x86_64-debian-gcc 0.5-1 12.51 57.03 69.54 OK
r-devel-linux-x86_64-fedora-clang 0.5-1 108.26 OK
r-devel-linux-x86_64-fedora-gcc 0.5-1 113.00 OK
r-devel-windows-ix86+x86_64 0.5-1 25.00 129.00 154.00 OK
r-devel-windows-ix86+x86_64-gcc8 0.5-1 28.00 142.00 170.00 OK
r-patched-linux-x86_64 0.5-1 12.09 67.14 79.23 OK
r-patched-solaris-x86 0.5-1 127.30 OK
r-release-linux-x86_64 0.5-1 12.11 66.49 78.60 OK
r-release-windows-ix86+x86_64 0.5-1 23.00 106.00 129.00 OK
r-release-osx-x86_64 0.5-1 ERROR
r-oldrel-windows-ix86+x86_64 0.5-1 17.00 94.00 111.00 OK
r-oldrel-osx-x86_64 0.5-1 ERROR

Check Details

Version: 0.5-1
Check: package dependencies
Result: ERROR
    Packages required but not available: 'pbdMPI', 'pbdBASE'
    
    See section ‘The DESCRIPTION file’ in the ‘Writing R Extensions’
    manual.
Flavor: r-release-osx-x86_64

Version: 0.5-1
Check: package dependencies
Result: ERROR
    Packages required but not available: ‘pbdMPI’ ‘pbdBASE’
    
    See section ‘The DESCRIPTION file’ in the ‘Writing R Extensions’
    manual.
Flavor: r-oldrel-osx-x86_64