CRAN Package Check Results for Package pbdDMAT

Last updated on 2019-06-15 21:54:38 CEST.

Flavor Version Tinstall Tcheck Ttotal Status Flags
r-devel-linux-x86_64-debian-clang 0.5-1 13.64 67.17 80.81 OK
r-devel-linux-x86_64-debian-gcc 0.5-1 10.42 53.88 64.30 OK
r-devel-linux-x86_64-fedora-clang 0.5-1 96.68 OK
r-devel-linux-x86_64-fedora-gcc 0.5-1 95.01 OK
r-devel-windows-ix86+x86_64 0.5-1 23.00 103.00 126.00 OK
r-patched-linux-x86_64 0.5-1 12.20 67.51 79.71 OK
r-patched-solaris-x86 0.5-1 136.70 OK
r-release-linux-x86_64 0.5-1 13.01 67.77 80.78 OK
r-release-windows-ix86+x86_64 0.5-1 43.00 144.00 187.00 OK
r-release-osx-x86_64 0.5-1 ERROR
r-oldrel-windows-ix86+x86_64 0.5-1 21.00 129.00 150.00 OK
r-oldrel-osx-x86_64 0.5-1 ERROR

Check Details

Version: 0.5-1
Check: package dependencies
Result: ERROR
    Packages required but not available: 'pbdMPI', 'pbdBASE'
    
    See section ‘The DESCRIPTION file’ in the ‘Writing R Extensions’
    manual.
Flavor: r-release-osx-x86_64

Version: 0.5-1
Check: package dependencies
Result: ERROR
    Packages required but not available: ‘pbdMPI’ ‘pbdBASE’
    
    See section ‘The DESCRIPTION file’ in the ‘Writing R Extensions’
    manual.
Flavor: r-oldrel-osx-x86_64