CRAN Package Check Results for Package pbdDMAT

Last updated on 2019-08-19 11:49:09 CEST.

Flavor Version Tinstall Tcheck Ttotal Status Flags
r-devel-linux-x86_64-debian-clang 0.5-1 11.50 67.98 79.48 OK
r-devel-linux-x86_64-debian-gcc 0.5-1 11.46 53.86 65.32 OK
r-devel-linux-x86_64-fedora-clang 0.5-1 99.28 OK
r-devel-linux-x86_64-fedora-gcc 0.5-1 97.95 OK
r-devel-windows-ix86+x86_64 0.5-1 42.00 122.00 164.00 OK
r-patched-linux-x86_64 0.5-1 12.65 67.16 79.81 OK
r-patched-solaris-x86 0.5-1 137.90 OK
r-release-linux-x86_64 0.5-1 14.35 66.95 81.30 OK
r-release-windows-ix86+x86_64 0.5-1 26.00 143.00 169.00 OK
r-release-osx-x86_64 0.5-1 ERROR
r-oldrel-windows-ix86+x86_64 0.5-1 19.00 93.00 112.00 OK
r-oldrel-osx-x86_64 0.5-1 ERROR

Check Details

Version: 0.5-1
Check: package dependencies
Result: ERROR
    Packages required but not available: 'pbdMPI', 'pbdBASE'
    
    See section ‘The DESCRIPTION file’ in the ‘Writing R Extensions’
    manual.
Flavor: r-release-osx-x86_64

Version: 0.5-1
Check: package dependencies
Result: ERROR
    Packages required but not available: ‘pbdMPI’ ‘pbdBASE’
    
    See section ‘The DESCRIPTION file’ in the ‘Writing R Extensions’
    manual.
Flavor: r-oldrel-osx-x86_64