CRAN Package Check Results for Package partools

Last updated on 2019-08-19 11:49:09 CEST.

Flavor Version Tinstall Tcheck Ttotal Status Flags
r-devel-linux-x86_64-debian-clang 1.1.6 5.46 50.32 55.78 NOTE
r-devel-linux-x86_64-debian-gcc 1.1.6 5.24 38.77 44.01 NOTE
r-devel-linux-x86_64-fedora-clang 1.1.6 66.00 NOTE
r-devel-linux-x86_64-fedora-gcc 1.1.6 63.61 NOTE
r-devel-windows-ix86+x86_64 1.1.6 24.00 102.00 126.00 OK
r-patched-linux-x86_64 1.1.6 5.47 47.89 53.36 OK
r-patched-solaris-x86 1.1.6 128.90 OK
r-release-linux-x86_64 1.1.6 5.05 48.41 53.46 OK
r-release-windows-ix86+x86_64 1.1.6 18.00 79.00 97.00 OK
r-release-osx-x86_64 1.1.6 OK
r-oldrel-windows-ix86+x86_64 1.1.6 17.00 109.00 126.00 OK
r-oldrel-osx-x86_64 1.1.6 OK

Check Details

Version: 1.1.6
Check: for non-standard things in the check directory
Result: NOTE
    Found the following files/directories:
     'co2' 'co2.1' 'co2.2' 'co2s.1' 'co2s.2' 'ctm.1' 'ctm.2' 'm' 'm.1'
     'm.2' 'test' 'test.1' 'test.2' 'testa.1' 'testa.2' 'xfile.1'
     'xfile.2'
Flavors: r-devel-linux-x86_64-debian-clang, r-devel-linux-x86_64-debian-gcc, r-devel-linux-x86_64-fedora-clang, r-devel-linux-x86_64-fedora-gcc