CRAN Package Check Results for Package pCODE

Last updated on 2019-10-20 20:48:29 CEST.

Flavor Version Tinstall Tcheck Ttotal Status Flags
r-devel-linux-x86_64-debian-clang 0.9.2 8.96 148.22 157.18 OK
r-devel-linux-x86_64-debian-gcc 0.9.2 6.38 102.50 108.88 OK
r-devel-linux-x86_64-fedora-clang 0.9.2 168.01 NOTE
r-devel-linux-x86_64-fedora-gcc 0.9.2 170.85 NOTE
r-devel-windows-ix86+x86_64 0.9.2 13.00 214.00 227.00 OK
r-patched-linux-x86_64 0.9.2 7.08 138.19 145.27 OK
r-patched-solaris-x86 0.9.2 245.60 NOTE
r-release-linux-x86_64 0.9.2 7.84 139.63 147.47 OK
r-release-windows-ix86+x86_64 0.9.2 18.00 159.00 177.00 OK
r-release-osx-x86_64 0.9.2 NOTE
r-oldrel-windows-ix86+x86_64 0.9.2 9.00 163.00 172.00 OK
r-oldrel-osx-x86_64 0.9.2 NOTE

Check Details

Version: 0.9.2
Check: dependencies in R code
Result: NOTE
    Namespace in Imports field not imported from: ‘base’
     All declared Imports should be used.
Flavors: r-devel-linux-x86_64-fedora-clang, r-devel-linux-x86_64-fedora-gcc, r-patched-solaris-x86, r-release-osx-x86_64, r-oldrel-osx-x86_64