CRAN Package Check Results for Package owdbr

Last updated on 2019-09-19 14:46:53 CEST.

Flavor Version Tinstall Tcheck Ttotal Status Flags
r-devel-linux-x86_64-debian-clang 1.0.1.0 2.45 21.74 24.19 OK
r-devel-linux-x86_64-debian-gcc 1.0.1.0 2.18 17.52 19.70 OK
r-devel-linux-x86_64-fedora-clang 1.0.1.0 30.51 OK
r-devel-linux-x86_64-fedora-gcc 1.0.1.0 29.22 OK
r-devel-windows-ix86+x86_64 1.0.1.0 12.00 34.00 46.00 OK
r-patched-linux-x86_64 1.0.1.0 2.32 21.14 23.46 NOTE
r-patched-solaris-x86 1.0.1.0 47.70 OK
r-release-linux-x86_64 1.0.1.0 2.16 21.24 23.40 NOTE
r-release-windows-ix86+x86_64 1.0.1.0 4.00 40.00 44.00 OK
r-release-osx-x86_64 1.0.1.0 OK
r-oldrel-windows-ix86+x86_64 1.0.1.0 3.00 33.00 36.00 OK
r-oldrel-osx-x86_64 1.0.1.0 OK

Check Details

Version: 1.0.1.0
Check: DESCRIPTION meta-information
Result: NOTE
    Dependence on R version ‘3.4.4’ not with patchlevel 0
Flavors: r-patched-linux-x86_64, r-release-linux-x86_64