CRAN Package Check Results for Package optrees

Last updated on 2019-09-19 10:47:58 CEST.

Flavor Version Tinstall Tcheck Ttotal Status Flags
r-devel-linux-x86_64-debian-clang 1.0 4.03 27.56 31.59 NOTE
r-devel-linux-x86_64-debian-gcc 1.0 2.56 22.55 25.11 NOTE
r-devel-linux-x86_64-fedora-clang 1.0 39.45 NOTE
r-devel-linux-x86_64-fedora-gcc 1.0 38.53 NOTE
r-devel-windows-ix86+x86_64 1.0 10.00 41.00 51.00 NOTE
r-patched-linux-x86_64 1.0 3.04 27.79 30.83 NOTE
r-patched-solaris-x86 1.0 69.20 NOTE
r-release-linux-x86_64 1.0 3.24 27.89 31.13 NOTE
r-release-windows-ix86+x86_64 1.0 7.00 39.00 46.00 NOTE
r-release-osx-x86_64 1.0 NOTE
r-oldrel-windows-ix86+x86_64 1.0 4.00 41.00 45.00 NOTE
r-oldrel-osx-x86_64 1.0 NOTE

Check Details

Version: 1.0
Check: R code for possible problems
Result: NOTE
    getMinimumArborescence: no visible global function definition for
     'capture.output'
    getMinimumCutTree: no visible global function definition for
     'capture.output'
    getMinimumCutTree: no visible global function definition for 'par'
    getMinimumSpanningTree: no visible global function definition for
     'capture.output'
    getShortestPathTree: no visible global function definition for
     'capture.output'
    Undefined global functions or variables:
     capture.output par
    Consider adding
     importFrom("graphics", "par")
     importFrom("utils", "capture.output")
    to your NAMESPACE file.
Flavors: r-devel-linux-x86_64-debian-clang, r-devel-linux-x86_64-debian-gcc, r-devel-linux-x86_64-fedora-clang, r-devel-linux-x86_64-fedora-gcc, r-devel-windows-ix86+x86_64, r-patched-linux-x86_64, r-patched-solaris-x86, r-release-linux-x86_64, r-release-windows-ix86+x86_64, r-release-osx-x86_64, r-oldrel-windows-ix86+x86_64, r-oldrel-osx-x86_64