CRAN Package Check Results for Package optpart

Last updated on 2018-11-18 10:50:08 CET.

Flavor Version Tinstall Tcheck Ttotal Status Flags
r-devel-linux-x86_64-debian-clang 2.3-0 6.91 71.35 78.26 OK
r-devel-linux-x86_64-debian-gcc 2.3-0 7.01 57.95 64.96 OK
r-devel-linux-x86_64-fedora-clang 2.3-0 94.13 NOTE
r-devel-linux-x86_64-fedora-gcc 2.3-0 91.04 NOTE
r-devel-windows-ix86+x86_64 2.3-0 29.00 113.00 142.00 OK
r-patched-linux-x86_64 2.3-0 6.54 68.84 75.38 OK
r-patched-solaris-x86 2.3-0 152.40 OK
r-release-linux-x86_64 2.3-0 8.04 69.38 77.42 OK
r-release-windows-ix86+x86_64 2.3-0 27.00 146.00 173.00 OK
r-release-osx-x86_64 2.3-0 OK
r-oldrel-windows-ix86+x86_64 2.3-0 27.00 146.00 173.00 OK
r-oldrel-osx-x86_64 2.3-0 OK

Check Details

Version: 2.3-0
Check: compiled code
Result: NOTE
    File ‘optpart/libs/optpart.so’:
     Found no calls to: ‘R_registerRoutines’, ‘R_useDynamicSymbols’
    
    It is good practice to register native routines and to disable symbol
    search.
    
    See ‘Writing portable packages’ in the ‘Writing R Extensions’ manual.
Flavors: r-devel-linux-x86_64-fedora-clang, r-devel-linux-x86_64-fedora-gcc