CRAN Package Check Results for Package optpart

Last updated on 2018-02-18 01:46:41 CET.

Flavor Version Tinstall Tcheck Ttotal Status Flags
r-devel-linux-x86_64-debian-clang 2.3-0 6.36 69.60 75.96 NOTE
r-devel-linux-x86_64-debian-gcc 2.3-0 5.64 55.34 60.98 NOTE
r-devel-linux-x86_64-fedora-clang 2.3-0 100.81 NOTE
r-devel-linux-x86_64-fedora-gcc 2.3-0 92.88 NOTE
r-devel-windows-ix86+x86_64 2.3-0 23.00 115.00 138.00 OK
r-patched-linux-x86_64 2.3-0 5.85 70.55 76.40 NOTE
r-patched-solaris-x86 2.3-0 153.00 OK
r-release-linux-x86_64 2.3-0 5.60 70.20 75.80 NOTE
r-release-windows-ix86+x86_64 2.3-0 32.00 154.00 186.00 OK
r-release-osx-x86_64 2.3-0 OK
r-oldrel-windows-ix86+x86_64 2.3-0 20.00 131.00 151.00 OK
r-oldrel-osx-x86_64 2.3-0 OK

Check Details

Version: 2.3-0
Check: compiled code
Result: NOTE
    File ‘optpart/libs/optpart.so’:
     Found no calls to: ‘R_registerRoutines’, ‘R_useDynamicSymbols’
    
    It is good practice to register native routines and to disable symbol
    search.
    
    See ‘Writing portable packages’ in the ‘Writing R Extensions’ manual.
Flavors: r-devel-linux-x86_64-debian-clang, r-devel-linux-x86_64-debian-gcc, r-devel-linux-x86_64-fedora-clang, r-devel-linux-x86_64-fedora-gcc, r-patched-linux-x86_64, r-release-linux-x86_64