CRAN Package Check Results for Package optpart

Last updated on 2017-12-14 02:49:33 CET.

Flavor Version Tinstall Tcheck Ttotal Status Flags
r-devel-linux-x86_64-debian-clang 2.3-0 5.49 40.94 46.43 FAIL
r-devel-linux-x86_64-debian-gcc 2.3-0 4.38 37.16 41.54 FAIL
r-devel-linux-x86_64-fedora-clang 2.3-0 90.79 NOTE
r-devel-linux-x86_64-fedora-gcc 2.3-0 90.05 NOTE
r-devel-windows-ix86+x86_64 2.3-0 29.00 114.00 143.00 OK
r-patched-linux-x86_64 2.3-0 6.11 70.07 76.18 NOTE
r-patched-solaris-x86 2.3-0 148.60 OK
r-release-linux-x86_64 2.3-0 5.42 71.36 76.78 NOTE
r-release-windows-ix86+x86_64 2.3-0 20.00 115.00 135.00 OK
r-release-osx-x86_64 2.3-0 OK
r-oldrel-windows-ix86+x86_64 2.3-0 18.00 138.00 156.00 OK
r-oldrel-osx-x86_64 2.3-0 OK

Check Details

Version: 2.3-0
Check: pragmas in C/C++ headers and code
Result: FAIL
    
Flavors: r-devel-linux-x86_64-debian-clang, r-devel-linux-x86_64-debian-gcc

Version: 2.3-0
Check: compiled code
Result: NOTE
    File ‘optpart/libs/optpart.so’:
     Found no calls to: ‘R_registerRoutines’, ‘R_useDynamicSymbols’
    
    It is good practice to register native routines and to disable symbol
    search.
    
    See ‘Writing portable packages’ in the ‘Writing R Extensions’ manual.
Flavors: r-devel-linux-x86_64-fedora-clang, r-devel-linux-x86_64-fedora-gcc, r-patched-linux-x86_64, r-release-linux-x86_64