CRAN Package Check Results for Package optimus

Last updated on 2019-09-19 14:46:53 CEST.

Flavor Version Tinstall Tcheck Ttotal Status Flags
r-devel-linux-x86_64-debian-clang 0.2.0 2.63 187.26 189.89 OK
r-devel-linux-x86_64-debian-gcc 0.2.0 2.21 140.21 142.42 OK
r-devel-linux-x86_64-fedora-clang 0.2.0 232.86 NOTE
r-devel-linux-x86_64-fedora-gcc 0.2.0 230.47 NOTE
r-devel-windows-ix86+x86_64 0.2.0 8.00 193.00 201.00 OK
r-patched-linux-x86_64 0.2.0 2.23 192.31 194.54 OK
r-patched-solaris-x86 0.2.0 362.50 NOTE
r-release-linux-x86_64 0.2.0 2.45 191.29 193.74 OK
r-release-windows-ix86+x86_64 0.2.0 6.00 247.00 253.00 OK
r-release-osx-x86_64 0.2.0 NOTE
r-oldrel-windows-ix86+x86_64 0.2.0 3.00 190.00 193.00 OK
r-oldrel-osx-x86_64 0.2.0 NOTE

Check Details

Version: 0.2.0
Check: dependencies in R code
Result: NOTE
    Namespace in Imports field not imported from: ‘methods’
     All declared Imports should be used.
Flavors: r-devel-linux-x86_64-fedora-clang, r-devel-linux-x86_64-fedora-gcc, r-patched-solaris-x86, r-release-osx-x86_64, r-oldrel-osx-x86_64