CRAN Package Check Results for Package optCluster

Last updated on 2018-10-20 10:48:51 CEST.

Flavor Version Tinstall Tcheck Ttotal Status Flags
r-devel-linux-x86_64-debian-clang 1.1.1 2.57 36.75 39.32 OK
r-devel-linux-x86_64-debian-gcc 1.1.1 3.23 29.68 32.91 OK
r-devel-linux-x86_64-fedora-clang 1.1.1 48.29 OK
r-devel-linux-x86_64-fedora-gcc 1.1.1 45.06 OK
r-devel-windows-ix86+x86_64 1.1.1 8.00 63.00 71.00 OK
r-patched-linux-x86_64 1.1.1 3.63 33.28 36.91 OK
r-patched-solaris-x86 1.1.1 67.20 OK
r-release-linux-x86_64 1.1.1 2.54 33.71 36.25 OK
r-release-windows-ix86+x86_64 1.1.1 10.00 80.00 90.00 OK
r-release-osx-x86_64 1.1.1 NOTE
r-oldrel-windows-ix86+x86_64 1.1.1 5.00 70.00 75.00 OK
r-oldrel-osx-x86_64 1.1.1 NOTE

Check Details

Version: 1.1.1
Check: package dependencies
Result: NOTE
    Package suggested but not available for checking: ‘org.At.tair.db’
Flavor: r-release-osx-x86_64

Version: 1.1.1
Check: package dependencies
Result: NOTE
    Packages suggested but not available for checking:
     ‘Biobase’ ‘annotate’ ‘GO.db’ ‘org.At.tair.db’
Flavor: r-oldrel-osx-x86_64

Version: 1.1.1
Check: Rd cross-references
Result: NOTE
    Package unavailable to check Rd xrefs: ‘Biobase’
Flavor: r-oldrel-osx-x86_64