CRAN Package Check Results for Package optCluster

Last updated on 2018-07-21 14:47:37 CEST.

Flavor Version Tinstall Tcheck Ttotal Status Flags
r-devel-linux-x86_64-debian-clang 1.1.1 2.90 36.30 39.20 OK
r-devel-linux-x86_64-debian-gcc 1.1.1 2.16 28.85 31.01 OK
r-devel-linux-x86_64-fedora-clang 1.1.1 45.17 OK
r-devel-linux-x86_64-fedora-gcc 1.1.1 45.19 OK
r-devel-windows-ix86+x86_64 1.1.1 8.00 64.00 72.00 OK
r-patched-linux-x86_64 1.1.1 OK
r-patched-solaris-x86 1.1.1 68.20 OK
r-release-linux-x86_64 1.1.1 3.72 33.49 37.21 OK
r-release-windows-ix86+x86_64 1.1.1 13.00 48.00 61.00 OK
r-release-osx-x86_64 1.1.1 NOTE
r-oldrel-windows-ix86+x86_64 1.1.1 5.00 70.00 75.00 OK
r-oldrel-osx-x86_64 1.1.1 NOTE

Check Details

Version: 1.1.1
Check: package dependencies
Result: NOTE
    Package suggested but not available for checking: ‘org.At.tair.db’
Flavor: r-release-osx-x86_64

Version: 1.1.1
Check: package dependencies
Result: NOTE
    Packages suggested but not available for checking:
     ‘Biobase’ ‘annotate’ ‘GO.db’ ‘org.At.tair.db’
Flavor: r-oldrel-osx-x86_64

Version: 1.1.1
Check: Rd cross-references
Result: NOTE
    Package unavailable to check Rd xrefs: ‘Biobase’
Flavor: r-oldrel-osx-x86_64