CRAN Package Check Results for Package optCluster

Last updated on 2017-12-17 12:46:35 CET.

Flavor Version Tinstall Tcheck Ttotal Status Flags
r-devel-linux-x86_64-debian-clang 1.1.1 1.57 33.84 35.41 OK
r-devel-linux-x86_64-debian-gcc 1.1.1 1.42 27.56 28.98 OK
r-devel-linux-x86_64-fedora-clang 1.1.1 42.53 OK
r-devel-linux-x86_64-fedora-gcc 1.1.1 41.97 OK
r-devel-windows-ix86+x86_64 1.1.1 4.00 46.00 50.00 OK
r-patched-linux-x86_64 1.1.1 1.77 34.56 36.33 OK
r-patched-solaris-x86 1.1.1 62.00 OK
r-release-linux-x86_64 1.1.1 1.61 34.53 36.14 OK
r-release-windows-ix86+x86_64 1.1.1 4.00 44.00 48.00 OK
r-release-osx-x86_64 1.1.1 NOTE
r-oldrel-windows-ix86+x86_64 1.1.1 5.00 56.00 61.00 OK
r-oldrel-osx-x86_64 1.1.1 NOTE

Check Details

Version: 1.1.1
Check: package dependencies
Result: NOTE
    Packages suggested but not available for checking:
     ‘Biobase’ ‘annotate’ ‘GO.db’ ‘org.At.tair.db’
Flavor: r-release-osx-x86_64

Version: 1.1.1
Check: Rd cross-references
Result: NOTE
    Package unavailable to check Rd xrefs: ‘Biobase’
Flavor: r-release-osx-x86_64

Version: 1.1.1
Check: package dependencies
Result: NOTE
    Package suggested but not available for checking: ‘org.At.tair.db’
Flavor: r-oldrel-osx-x86_64