CRAN Package Check Results for Package ontologySimilarity

Last updated on 2018-12-10 01:51:08 CET.

Flavor Version Tinstall Tcheck Ttotal Status Flags
r-devel-linux-x86_64-debian-clang 2.2 45.15 137.16 182.31 OK
r-devel-linux-x86_64-debian-gcc 2.2 35.94 111.76 147.70 OK
r-devel-linux-x86_64-fedora-clang 2.2 232.17 NOTE
r-devel-linux-x86_64-fedora-gcc 2.2 220.28 NOTE
r-devel-windows-ix86+x86_64 2.2 108.00 170.00 278.00 OK
r-patched-linux-x86_64 2.2 49.70 127.69 177.39 OK
r-patched-solaris-x86 2.2 230.50 OK
r-release-linux-x86_64 2.2 45.45 128.14 173.59 OK
r-release-windows-ix86+x86_64 2.2 112.00 166.00 278.00 OK
r-release-osx-x86_64 2.2 OK
r-oldrel-windows-ix86+x86_64 2.2 66.00 193.00 259.00 OK
r-oldrel-osx-x86_64 2.2 OK

Check Details

Version: 2.2
Check: compiled code
Result: NOTE
    File ‘ontologySimilarity/libs/ontologySimilarity.so’:
     Found no calls to: ‘R_registerRoutines’, ‘R_useDynamicSymbols’
    
    It is good practice to register native routines and to disable symbol
    search.
    
    See ‘Writing portable packages’ in the ‘Writing R Extensions’ manual.
Flavors: r-devel-linux-x86_64-fedora-clang, r-devel-linux-x86_64-fedora-gcc