CRAN Package Check Results for Package ohtadstats

Last updated on 2019-08-26 10:48:22 CEST.

Flavor Version Tinstall Tcheck Ttotal Status Flags
r-devel-linux-x86_64-debian-clang 2.1.0 2.18 34.76 36.94 NOTE
r-devel-linux-x86_64-debian-gcc 2.1.0 1.77 27.31 29.08 NOTE
r-devel-linux-x86_64-fedora-clang 2.1.0 43.55 NOTE
r-devel-linux-x86_64-fedora-gcc 2.1.0 44.35 NOTE
r-devel-windows-ix86+x86_64 2.1.0 10.00 41.00 51.00 OK
r-patched-linux-x86_64 2.1.0 1.60 34.56 36.16 OK
r-patched-solaris-x86 2.1.0 61.50 OK
r-release-linux-x86_64 2.1.0 1.87 34.38 36.25 OK
r-release-windows-ix86+x86_64 2.1.0 9.00 61.00 70.00 OK
r-release-osx-x86_64 2.1.0 OK
r-oldrel-windows-ix86+x86_64 2.1.0 4.00 61.00 65.00 OK
r-oldrel-osx-x86_64 2.1.0 OK

Check Details

Version: 2.1.0
Check: for non-standard things in the check directory
Result: NOTE
    Found the following files/directories:
     'beissinger_comparisons_1.csv'
Flavors: r-devel-linux-x86_64-debian-clang, r-devel-linux-x86_64-debian-gcc, r-devel-linux-x86_64-fedora-clang, r-devel-linux-x86_64-fedora-gcc