CRAN Package Check Results for Package npsp

Last updated on 2019-06-18 18:54:55 CEST.

Flavor Version Tinstall Tcheck Ttotal Status Flags
r-devel-linux-x86_64-debian-clang 0.5-3 7.05 42.80 49.85 OK
r-devel-linux-x86_64-debian-gcc 0.5-3 5.95 33.53 39.48 OK
r-devel-linux-x86_64-fedora-clang 0.5-3 60.70 NOTE
r-devel-linux-x86_64-fedora-gcc 0.5-3 58.86 NOTE
r-devel-windows-ix86+x86_64 0.5-3 32.00 105.00 137.00 OK
r-patched-linux-x86_64 0.5-3 7.71 42.89 50.60 OK
r-patched-solaris-x86 0.5-3 87.70 OK
r-release-linux-x86_64 0.5-3 7.17 42.68 49.85 OK
r-release-windows-ix86+x86_64 0.5-3 34.00 93.00 127.00 OK
r-release-osx-x86_64 0.5-3 OK
r-oldrel-windows-ix86+x86_64 0.5-3 18.00 88.00 106.00 OK
r-oldrel-osx-x86_64 0.5-3 OK

Additional issues

LTO

Check Details

Version: 0.5-3
Check: compiled code
Result: NOTE
    File ‘npsp/libs/npsp.so’:
     Found no calls to: ‘R_registerRoutines’, ‘R_useDynamicSymbols’
    
    It is good practice to register native routines and to disable symbol
    search.
    
    See ‘Writing portable packages’ in the ‘Writing R Extensions’ manual.
Flavors: r-devel-linux-x86_64-fedora-clang, r-devel-linux-x86_64-fedora-gcc