CRAN Package Check Results for Package nmaINLA

Last updated on 2019-09-19 10:47:57 CEST.

Flavor Version Tinstall Tcheck Ttotal Status Flags
r-devel-linux-x86_64-debian-clang 0.1.2 2.51 28.13 30.64 NOTE
r-devel-linux-x86_64-debian-gcc 0.1.2 1.98 22.83 24.81 NOTE
r-devel-linux-x86_64-fedora-clang 0.1.2 74.59 OK
r-devel-linux-x86_64-fedora-gcc 0.1.2 79.11 OK
r-devel-windows-ix86+x86_64 0.1.2 12.00 88.00 100.00 OK
r-patched-linux-x86_64 0.1.2 2.48 27.98 30.46 NOTE
r-release-linux-x86_64 0.1.2 1.99 28.03 30.02 NOTE
r-release-windows-ix86+x86_64 0.1.2 6.00 123.00 129.00 OK
r-release-osx-x86_64 0.1.2 NOTE
r-oldrel-windows-ix86+x86_64 0.1.2 4.00 93.00 97.00 OK
r-oldrel-osx-x86_64 0.1.2 NOTE

Check Details

Version: 0.1.2
Check: package dependencies
Result: NOTE
    Package suggested but not available for checking: 'INLA'
Flavors: r-devel-linux-x86_64-debian-clang, r-devel-linux-x86_64-debian-gcc, r-patched-linux-x86_64, r-release-linux-x86_64, r-release-osx-x86_64, r-oldrel-osx-x86_64