CRAN Package Check Results for Package nlrx

Last updated on 2019-09-20 01:47:49 CEST.

Flavor Version Tinstall Tcheck Ttotal Status Flags
r-devel-linux-x86_64-debian-clang 0.2.0 6.18 56.55 62.73 OK
r-devel-linux-x86_64-debian-gcc 0.2.0 4.71 44.11 48.82 OK
r-devel-linux-x86_64-fedora-clang 0.2.0 76.90 OK
r-devel-linux-x86_64-fedora-gcc 0.2.0 77.05 OK
r-devel-windows-ix86+x86_64 0.2.0 24.00 110.00 134.00 OK
r-patched-linux-x86_64 0.2.0 5.63 55.14 60.77 OK
r-patched-solaris-x86 0.2.0 104.00 ERROR
r-release-linux-x86_64 0.2.0 5.56 54.89 60.45 OK
r-release-windows-ix86+x86_64 0.2.0 13.00 105.00 118.00 OK
r-release-osx-x86_64 0.2.0 ERROR
r-oldrel-windows-ix86+x86_64 0.2.0 8.00 73.00 81.00 OK
r-oldrel-osx-x86_64 0.2.0 ERROR

Check Details

Version: 0.2.0
Check: examples
Result: ERROR
    Running examples in ‘nlrx-Ex.R’ failed
    The error most likely occurred in:
    
    > ### Name: nldoc
    > ### Title: Create NetLogo documentation
    > ### Aliases: nldoc
    >
    > ### ** Examples
    >
    >
    > # List model files (.nls subfiles are also supported)
    > modelfiles <- c("https://raw.githubusercontent.com/nldoc/nldoc_pg/master/WSP.nlogo",
    + "https://raw.githubusercontent.com/nldoc/nldoc_pg/master/WSP.nls")
    >
    > # Define output directory:
    > outdir <- tempdir() # adjust path to your needs
    >
    > # Create documentation:
    > nldoc(modelfiles = modelfiles,
    + infotab=TRUE,
    + gui=TRUE,
    + bs=TRUE,
    + outpath = outdir,
    + output_format = "html",
    + number_sections = TRUE,
    + theme = "cosmo",
    + date = date(),
    + toc = TRUE)
    Error: pandoc version 1.12.3 or higher is required and was not found (see the help page ?rmarkdown::pandoc_available).
    Execution halted
Flavors: r-patched-solaris-x86, r-release-osx-x86_64, r-oldrel-osx-x86_64

Version: 0.2.0
Check: tests
Result: ERROR
     Running ‘testthat.R’ [7s/26s]
    Running the tests in ‘tests/testthat.R’ failed.
    Complete output:
     > Sys.unsetenv("R_TESTS")
     >
     > library(testthat)
     > library(nlrx)
     >
     > test_check("nlrx")
     ── 1. Error: nldoc (@test_nldoc.R#11) ─────────────────────────────────────────
     pandoc version 1.12.3 or higher is required and was not found (see the help page ?rmarkdown::pandoc_available).
     1: nldoc(modelfiles = modelfiles, infotab = TRUE, gui = TRUE, bs = TRUE, outpath = nldoc_dir,
     output_format = "html", number_sections = TRUE, theme = "cosmo", date = date(),
     toc = TRUE) at testthat/test_nldoc.R:11
     2: nldoc_write_nldoc(noxygen = noxygen, noxygen_it = noxygen_it, noxygen_gui = noxygen_gui,
     noxygen_bs = noxygen_bs, outpath = outpath, output_format = output_format, number_sections = number_sections,
     theme = theme, date = date, toc = toc)
     3: rmarkdown::render(mdfile)
     4: pandoc_available(required_pandoc, error = TRUE)
     5: stop(paste(msg, collapse = " "), call. = FALSE)
    
     ══ testthat results ═══════════════════════════════════════════════════════════
     [ OK: 134 | SKIPPED: 8 | WARNINGS: 0 | FAILED: 1 ]
     1. Error: nldoc (@test_nldoc.R#11)
    
     Error: testthat unit tests failed
     Execution halted
Flavor: r-patched-solaris-x86

Version: 0.2.0
Check: tests
Result: ERROR
     Running ‘testthat.R’ [3s/8s]
    Running the tests in ‘tests/testthat.R’ failed.
    Last 13 lines of output:
     output_format = "html", number_sections = TRUE, theme = "cosmo", date = date(),
     toc = TRUE) at testthat/test_nldoc.R:11
     2: nldoc_write_nldoc(noxygen = noxygen, noxygen_it = noxygen_it, noxygen_gui = noxygen_gui,
     noxygen_bs = noxygen_bs, outpath = outpath, output_format = output_format, number_sections = number_sections,
     theme = theme, date = date, toc = toc)
     3: rmarkdown::render(mdfile)
     4: pandoc_available(required_pandoc, error = TRUE)
     5: stop(paste(msg, collapse = " "), call. = FALSE)
    
     ══ testthat results ═══════════════════════════════════════════════════════════
     OK: 134 SKIPPED: 8 FAILED: 1
     1. Error: nldoc (@test_nldoc.R#11)
    
     Error: testthat unit tests failed
     Execution halted
Flavor: r-release-osx-x86_64

Version: 0.2.0
Check: tests
Result: ERROR
     Running ‘testthat.R’ [3s/4s]
    Running the tests in ‘tests/testthat.R’ failed.
    Last 13 lines of output:
     output_format = "html", number_sections = TRUE, theme = "cosmo", date = date(),
     toc = TRUE) at testthat/test_nldoc.R:11
     2: nldoc_write_nldoc(noxygen = noxygen, noxygen_it = noxygen_it, noxygen_gui = noxygen_gui,
     noxygen_bs = noxygen_bs, outpath = outpath, output_format = output_format, number_sections = number_sections,
     theme = theme, date = date, toc = toc)
     3: rmarkdown::render(mdfile)
     4: pandoc_available(required_pandoc, error = TRUE)
     5: stop(paste(msg, collapse = " "), call. = FALSE)
    
     ══ testthat results ═══════════════════════════════════════════════════════════
     [ OK: 134 | SKIPPED: 8 | WARNINGS: 0 | FAILED: 1 ]
     1. Error: nldoc (@test_nldoc.R#11)
    
     Error: testthat unit tests failed
     Execution halted
Flavor: r-oldrel-osx-x86_64