CRAN Package Check Results for Package nlcv

Last updated on 2019-09-20 00:47:40 CEST.

Flavor Version Tinstall Tcheck Ttotal Status Flags
r-devel-linux-x86_64-debian-clang 0.3.5 25.27 270.17 295.44 OK
r-devel-linux-x86_64-debian-gcc 0.3.5 22.49 207.80 230.29 OK
r-devel-linux-x86_64-fedora-clang 0.3.5 385.25 OK
r-devel-linux-x86_64-fedora-gcc 0.3.5 381.64 OK
r-devel-windows-ix86+x86_64 0.3.5 85.00 255.00 340.00 OK
r-patched-linux-x86_64 0.3.5 26.36 255.51 281.87 OK
r-patched-solaris-x86 0.3.5 541.50 OK
r-release-linux-x86_64 0.3.5 25.71 260.96 286.67 OK
r-release-windows-ix86+x86_64 0.3.5 58.00 371.00 429.00 OK
r-release-osx-x86_64 0.3.5 ERROR
r-oldrel-windows-ix86+x86_64 0.3.5 34.00 294.00 328.00 OK
r-oldrel-osx-x86_64 0.3.5 OK

Check Details

Version: 0.3.5
Check: package dependencies
Result: ERROR
    Packages required but not available:
     'a4Core', 'MLInterfaces', 'limma', 'Biobase', 'multtest'
    
    Package suggested but not available for checking: ‘ALL’
    
    See section ‘The DESCRIPTION file’ in the ‘Writing R Extensions’
    manual.
Flavor: r-release-osx-x86_64