CRAN Package Check Results for Package nitrcbot

Last updated on 2019-09-15 19:49:08 CEST.

Flavor Version Tinstall Tcheck Ttotal Status Flags
r-devel-linux-x86_64-debian-clang 1.2 4.75 40.19 44.94 NOTE
r-devel-linux-x86_64-debian-gcc 1.2 3.93 31.88 35.81 NOTE
r-devel-linux-x86_64-fedora-clang 1.2 53.53 OK
r-devel-linux-x86_64-fedora-gcc 1.2 56.01 OK
r-devel-windows-ix86+x86_64 1.2 23.00 49.00 72.00 NOTE
r-patched-linux-x86_64 1.2 4.30 38.27 42.57 OK
r-patched-solaris-x86 1.2 83.40 OK
r-release-linux-x86_64 1.2 4.86 39.05 43.91 OK
r-release-windows-ix86+x86_64 1.2 9.00 51.00 60.00 OK
r-release-osx-x86_64 1.2 OK
r-oldrel-windows-ix86+x86_64 1.2 10.00 54.00 64.00 OK
r-oldrel-osx-x86_64 1.2 OK

Check Details

Version: 1.2
Check: package vignettes
Result: NOTE
    Package vignette with placeholder title 'Vignette Title':
     'nitrcbot.Rmd'
Flavors: r-devel-linux-x86_64-debian-clang, r-devel-linux-x86_64-debian-gcc, r-devel-windows-ix86+x86_64