CRAN Package Check Results for Package nhdplusTools

Last updated on 2019-10-20 20:48:28 CEST.

Flavor Version Tinstall Tcheck Ttotal Status Flags
r-devel-linux-x86_64-debian-clang 0.3.9 6.93 62.83 69.76 OK
r-devel-linux-x86_64-debian-gcc 0.3.10 6.22 49.71 55.93 OK
r-devel-linux-x86_64-fedora-clang 0.3.10 88.03 NOTE
r-devel-linux-x86_64-fedora-gcc 0.3.10 84.67 OK
r-devel-windows-ix86+x86_64 0.3.10 14.00 80.00 94.00 NOTE
r-patched-linux-x86_64 0.3.10 8.25 62.38 70.63 OK
r-patched-solaris-x86 0.3.10 128.00 NOTE
r-release-linux-x86_64 0.3.10 7.42 62.45 69.87 OK
r-release-windows-ix86+x86_64 0.3.10 22.00 110.00 132.00 NOTE
r-release-osx-x86_64 0.3.10 NOTE
r-oldrel-windows-ix86+x86_64 0.3.8 8.00 70.00 78.00 NOTE
r-oldrel-osx-x86_64 0.3.10 NOTE

Check Details

Version: 0.3.10
Check: installed package size
Result: NOTE
     installed size is 6.0Mb
     sub-directories of 1Mb or more:
     extdata 5.5Mb
Flavors: r-devel-linux-x86_64-fedora-clang, r-devel-windows-ix86+x86_64, r-patched-solaris-x86, r-release-windows-ix86+x86_64, r-release-osx-x86_64, r-oldrel-osx-x86_64

Version: 0.3.8
Check: installed package size
Result: NOTE
     installed size is 7.6Mb
     sub-directories of 1Mb or more:
     doc 1.8Mb
     extdata 5.5Mb
Flavor: r-oldrel-windows-ix86+x86_64