CRAN Package Check Results for Package nVennR

Last updated on 2019-09-20 01:47:50 CEST.

Flavor Version Tinstall Tcheck Ttotal Status Flags
r-devel-linux-x86_64-debian-clang 0.2.1 20.91 133.42 154.33 OK
r-devel-linux-x86_64-debian-gcc 0.2.1 19.75 102.42 122.17 OK
r-devel-linux-x86_64-fedora-clang 0.2.1 188.63 NOTE
r-devel-linux-x86_64-fedora-gcc 0.2.1 207.45 OK
r-devel-windows-ix86+x86_64 0.2.1 54.00 148.00 202.00 OK
r-patched-linux-x86_64 0.2.1 20.70 134.17 154.87 OK
r-patched-solaris-x86 0.2.1 228.40 NOTE
r-release-linux-x86_64 0.2.1 20.11 132.62 152.73 OK
r-release-windows-ix86+x86_64 0.2.1 38.00 158.00 196.00 OK
r-release-osx-x86_64 0.2.1 NOTE
r-oldrel-windows-ix86+x86_64 0.2.1 40.00 162.00 202.00 OK
r-oldrel-osx-x86_64 0.2.1 NOTE

Check Details

Version: 0.2.1
Check: installed package size
Result: NOTE
     installed size is 5.4Mb
     sub-directories of 1Mb or more:
     doc 3.2Mb
     libs 2.1Mb
Flavors: r-devel-linux-x86_64-fedora-clang, r-release-osx-x86_64, r-oldrel-osx-x86_64

Version: 0.2.1
Check: package dependencies
Result: NOTE
    Package suggested but not available for checking: ‘rsvg’
Flavors: r-patched-solaris-x86, r-oldrel-osx-x86_64