CRAN Package Check Results for Package mvp

Last updated on 2019-07-16 07:50:55 CEST.

Flavor Version Tinstall Tcheck Ttotal Status Flags
r-devel-linux-x86_64-debian-clang 1.0-6 21.76 83.18 104.94 OK
r-devel-linux-x86_64-debian-gcc 1.0-6 18.06 67.59 85.65 OK
r-devel-linux-x86_64-fedora-clang 1.0-6 137.30 OK
r-devel-linux-x86_64-fedora-gcc 1.0-6 126.30 OK
r-devel-windows-ix86+x86_64 1.0-6 66.00 123.00 189.00 OK
r-patched-linux-x86_64 1.0-6 19.72 80.70 100.42 OK
r-patched-solaris-x86 1.0-6 180.20 OK
r-release-linux-x86_64 1.0-6 21.35 79.69 101.04 OK
r-release-windows-ix86+x86_64 1.0-6 46.00 199.00 245.00 OK
r-release-osx-x86_64 1.0-6 OK
r-oldrel-windows-ix86+x86_64 1.0-6 63.00 114.00 177.00 WARN
r-oldrel-osx-x86_64 1.0-6 WARN

Check Details

Version: 1.0-6
Check: whether package can be installed
Result: WARN
    Found the following significant warnings:
     Warning: D:/temp/RtmpMndDFh/R.INSTALL6b40446251f1/mvp/man/horner.Rd:29: unknown macro '\proglang'
Flavor: r-oldrel-windows-ix86+x86_64

Version: 1.0-6
Check: Rd files
Result: WARN
    prepare_Rd: horner.Rd:29: unknown macro '\proglang'
Flavors: r-oldrel-windows-ix86+x86_64, r-oldrel-osx-x86_64

Version: 1.0-6
Check: whether package can be installed
Result: WARN
    Found the following significant warnings:
     Warning: /Volumes/SSD-Data/Builds/R-dev-web/QA/Simon/packages/el-capitan-x86_64/results/3.5/mvp.Rcheck/00_pkg_src/mvp/man/horner.Rd:29: unknown macro '\proglang'
Flavor: r-oldrel-osx-x86_64