CRAN Package Check Results for Package multxpert

Last updated on 2019-06-18 18:54:54 CEST.

Flavor Version Tinstall Tcheck Ttotal Status Flags
r-devel-linux-x86_64-debian-clang 0.1 2.47 25.33 27.80 NOTE
r-devel-linux-x86_64-debian-gcc 0.1 2.26 20.03 22.29 NOTE
r-devel-linux-x86_64-fedora-clang 0.1 33.53 NOTE
r-devel-linux-x86_64-fedora-gcc 0.1 32.22 NOTE
r-devel-windows-ix86+x86_64 0.1 5.00 39.00 44.00 NOTE
r-patched-linux-x86_64 0.1 2.56 25.19 27.75 NOTE
r-patched-solaris-x86 0.1 52.30 NOTE
r-release-linux-x86_64 0.1 2.73 25.25 27.98 NOTE
r-release-windows-ix86+x86_64 0.1 5.00 50.00 55.00 NOTE
r-release-osx-x86_64 0.1 NOTE
r-oldrel-windows-ix86+x86_64 0.1 4.00 34.00 38.00 NOTE
r-oldrel-osx-x86_64 0.1 NOTE

Check Details

Version: 0.1
Check: R code for possible problems
Result: NOTE
    File 'multxpert/R/zzz.R':
     .onLoad calls:
     cat("multxpert: Implementation of commonly used p-value based and parametric\n", "multiple testing procedures and parallel gatekeeping procedures.\n", "For more information visit http://multxpert.com/wiki/MultXpert_package\n", sep = "")
    
    Package startup functions should use 'packageStartupMessage' to
     generate messages.
    See section 'Good practice' in '?.onAttach'.
    
    paradjp: no visible global function definition for 'pt'
    parci: no visible global function definition for 'qt'
    pdunnett: no visible global function definition for 'GenzBretz'
    pvalci: no visible global function definition for 'qnorm'
    qdunnett: no visible global function definition for 'GenzBretz'
    Undefined global functions or variables:
     GenzBretz pt qnorm qt
    Consider adding
     importFrom("stats", "pt", "qnorm", "qt")
    to your NAMESPACE file.
Flavors: r-devel-linux-x86_64-debian-clang, r-devel-linux-x86_64-debian-gcc, r-devel-linux-x86_64-fedora-clang, r-devel-linux-x86_64-fedora-gcc, r-devel-windows-ix86+x86_64, r-patched-linux-x86_64, r-patched-solaris-x86, r-release-linux-x86_64, r-release-windows-ix86+x86_64, r-release-osx-x86_64, r-oldrel-windows-ix86+x86_64, r-oldrel-osx-x86_64