CRAN Package Check Results for Package msu

Last updated on 2019-09-24 10:51:26 CEST.

Flavor Version Tinstall Tcheck Ttotal Status Flags
r-devel-linux-x86_64-debian-clang 0.0.1 1.93 18.41 20.34 OK
r-devel-linux-x86_64-debian-gcc 0.0.1 1.65 15.55 17.20 OK
r-devel-linux-x86_64-fedora-clang 0.0.1 25.37 OK
r-devel-linux-x86_64-fedora-gcc 0.0.1 26.08 OK
r-devel-windows-ix86+x86_64 0.0.1 8.00 47.00 55.00 OK
r-patched-linux-x86_64 0.0.1 1.54 18.33 19.87 NOTE
r-patched-solaris-x86 0.0.1 40.70 OK
r-release-linux-x86_64 0.0.1 1.33 18.54 19.87 NOTE
r-release-windows-ix86+x86_64 0.0.1 8.00 40.00 48.00 OK
r-release-osx-x86_64 0.0.1 OK
r-oldrel-windows-ix86+x86_64 0.0.1 3.00 28.00 31.00 OK
r-oldrel-osx-x86_64 0.0.1 OK

Check Details

Version: 0.0.1
Check: DESCRIPTION meta-information
Result: NOTE
    Dependence on R version ‘3.4.1’ not with patchlevel 0
Flavors: r-patched-linux-x86_64, r-release-linux-x86_64