CRAN Package Check Results for Package mstknnclust

Last updated on 2019-08-25 19:48:15 CEST.

Flavor Version Tinstall Tcheck Ttotal Status Flags
r-devel-linux-x86_64-debian-clang 0.1.0 2.36 29.41 31.77 OK
r-devel-linux-x86_64-debian-gcc 0.1.0 1.79 23.03 24.82 OK
r-devel-linux-x86_64-fedora-clang 0.1.0 40.85 NOTE
r-devel-linux-x86_64-fedora-gcc 0.1.0 37.40 NOTE
r-devel-windows-ix86+x86_64 0.1.0 9.00 42.00 51.00 OK
r-patched-linux-x86_64 0.1.0 1.93 29.41 31.34 OK
r-patched-solaris-x86 0.1.0 66.10 NOTE
r-release-linux-x86_64 0.1.0 1.98 29.99 31.97 OK
r-release-windows-ix86+x86_64 0.1.0 5.00 57.00 62.00 OK
r-release-osx-x86_64 0.1.0 NOTE
r-oldrel-windows-ix86+x86_64 0.1.0 5.00 50.00 55.00 OK
r-oldrel-osx-x86_64 0.1.0 NOTE

Check Details

Version: 0.1.0
Check: dependencies in R code
Result: NOTE
    Namespace in Imports field not imported from: ‘amap’
     All declared Imports should be used.
Flavors: r-devel-linux-x86_64-fedora-clang, r-devel-linux-x86_64-fedora-gcc, r-patched-solaris-x86, r-release-osx-x86_64, r-oldrel-osx-x86_64