CRAN Package Check Results for Package mstknnclust

Last updated on 2020-01-22 15:49:06 CET.

Flavor Version Tinstall Tcheck Ttotal Status Flags
r-devel-linux-x86_64-debian-clang 0.2.0 2.34 30.40 32.74 OK
r-devel-linux-x86_64-debian-gcc 0.2.0 1.94 23.79 25.73 OK
r-devel-linux-x86_64-fedora-clang 0.2.0 40.85 NOTE
r-devel-linux-x86_64-fedora-gcc 0.2.0 40.74 NOTE
r-devel-windows-ix86+x86_64 0.2.0 9.00 58.00 67.00 OK
r-devel-windows-ix86+x86_64-gcc8 0.2.0 8.00 47.00 55.00 OK
r-patched-linux-x86_64 0.2.0 1.90 28.82 30.72 OK
r-patched-solaris-x86 0.2.0 65.60 NOTE
r-release-linux-x86_64 0.2.0 1.87 29.05 30.92 OK
r-release-windows-ix86+x86_64 0.2.0 4.00 50.00 54.00 OK
r-release-osx-x86_64 0.2.0 NOTE
r-oldrel-windows-ix86+x86_64 0.2.0 3.00 39.00 42.00 OK
r-oldrel-osx-x86_64 0.2.0 NOTE

Check Details

Version: 0.2.0
Check: dependencies in R code
Result: NOTE
    Namespace in Imports field not imported from: ‘amap’
     All declared Imports should be used.
Flavors: r-devel-linux-x86_64-fedora-clang, r-devel-linux-x86_64-fedora-gcc, r-patched-solaris-x86, r-release-osx-x86_64, r-oldrel-osx-x86_64