CRAN Package Check Results for Package mssqlR

Last updated on 2019-07-16 07:50:55 CEST.

Flavor Version Tinstall Tcheck Ttotal Status Flags
r-devel-linux-x86_64-debian-clang 1.0.0 1.66 18.67 20.33 OK
r-devel-linux-x86_64-debian-gcc 1.0.0 1.36 14.69 16.05 OK
r-devel-linux-x86_64-fedora-clang 1.0.0 23.90 OK
r-devel-linux-x86_64-fedora-gcc 1.0.0 22.42 OK
r-devel-windows-ix86+x86_64 1.0.0 7.00 28.00 35.00 OK
r-patched-linux-x86_64 1.0.0 1.57 18.06 19.63 OK
r-patched-solaris-x86 1.0.0 41.00 OK
r-release-linux-x86_64 1.0.0 1.52 18.28 19.80 OK
r-release-windows-ix86+x86_64 1.0.0 4.00 38.00 42.00 OK
r-release-osx-x86_64 1.0.0 ERROR
r-oldrel-windows-ix86+x86_64 1.0.0 4.00 29.00 33.00 OK
r-oldrel-osx-x86_64 1.0.0 ERROR

Check Details

Version: 1.0.0
Check: examples
Result: ERROR
    Running examples in ‘mssqlR-Ex.R’ failed
Flavors: r-release-osx-x86_64, r-oldrel-osx-x86_64