CRAN Package Check Results for Package mssqlR

Last updated on 2019-04-23 07:48:00 CEST.

Flavor Version Tinstall Tcheck Ttotal Status Flags
r-devel-linux-x86_64-debian-clang 1.0.0 1.53 18.03 19.56 OK
r-devel-linux-x86_64-debian-gcc 1.0.0 1.33 14.50 15.83 OK
r-devel-linux-x86_64-fedora-clang 1.0.0 23.01 OK
r-devel-linux-x86_64-fedora-gcc 1.0.0 22.62 OK
r-devel-windows-ix86+x86_64 1.0.0 8.00 31.00 39.00 OK
r-patched-linux-x86_64 1.0.0 1.62 17.62 19.24 OK
r-patched-solaris-x86 1.0.0 39.10 OK
r-release-linux-x86_64 1.0.0 0.95 16.56 17.51 OK
r-release-windows-ix86+x86_64 1.0.0 2.00 40.00 42.00 OK
r-release-osx-x86_64 1.0.0 ERROR
r-oldrel-windows-ix86+x86_64 1.0.0 2.00 36.00 38.00 OK
r-oldrel-osx-x86_64 1.0.0 ERROR

Check Details

Version: 1.0.0
Check: examples
Result: ERROR
    Running examples in ‘mssqlR-Ex.R’ failed
Flavors: r-release-osx-x86_64, r-oldrel-osx-x86_64