CRAN Package Check Results for Package msgpackR

Last updated on 2019-09-21 08:50:15 CEST.

Flavor Version Tinstall Tcheck Ttotal Status Flags
r-devel-linux-x86_64-debian-clang 1.1 2.31 18.61 20.92 NOTE
r-devel-linux-x86_64-debian-gcc 1.1 2.21 15.30 17.51 NOTE
r-devel-linux-x86_64-fedora-clang 1.1 26.43 NOTE
r-devel-linux-x86_64-fedora-gcc 1.1 29.44 NOTE
r-devel-windows-ix86+x86_64 1.1 9.00 27.00 36.00 OK
r-patched-linux-x86_64 1.1 2.37 19.32 21.69 OK
r-patched-solaris-x86 1.1 39.50 OK
r-release-linux-x86_64 1.1 2.14 18.78 20.92 OK
r-release-windows-ix86+x86_64 1.1 4.00 37.00 41.00 OK
r-release-osx-x86_64 1.1 OK
r-oldrel-windows-ix86+x86_64 1.1 3.00 26.00 29.00 OK
r-oldrel-osx-x86_64 1.1 OK

Check Details

Version: 1.1
Check: for non-standard things in the check directory
Result: NOTE
    Found the following files/directories:
     'test.txt'
Flavors: r-devel-linux-x86_64-debian-clang, r-devel-linux-x86_64-debian-gcc, r-devel-linux-x86_64-fedora-clang, r-devel-linux-x86_64-fedora-gcc