CRAN Package Check Results for Package mp

Last updated on 2019-09-19 10:47:56 CEST.

Flavor Version Tinstall Tcheck Ttotal Status Flags
r-devel-linux-x86_64-debian-clang 0.4.1 51.18 23.31 74.49 OK
r-devel-linux-x86_64-debian-gcc 0.4.1 38.16 18.73 56.89 OK
r-devel-linux-x86_64-fedora-clang 0.4.1 112.43 NOTE
r-devel-linux-x86_64-fedora-gcc 0.4.1 119.89 NOTE
r-devel-windows-ix86+x86_64 0.4.1 122.00 76.00 198.00 OK
r-patched-linux-x86_64 0.4.1 45.10 23.93 69.03 OK
r-patched-solaris-x86 0.4.1 108.90 OK
r-release-linux-x86_64 0.4.1 47.75 23.49 71.24 OK
r-release-windows-ix86+x86_64 0.4.1 90.00 57.00 147.00 OK
r-release-osx-x86_64 0.4.1 OK
r-oldrel-windows-ix86+x86_64 0.4.1 85.00 53.00 138.00 OK
r-oldrel-osx-x86_64 0.4.1 OK

Check Details

Version: 0.4.1
Check: compiled code
Result: NOTE
    File ‘mp/libs/mp.so’:
     Found no calls to: ‘R_registerRoutines’, ‘R_useDynamicSymbols’
    
    It is good practice to register native routines and to disable symbol
    search.
    
    See ‘Writing portable packages’ in the ‘Writing R Extensions’ manual.
Flavors: r-devel-linux-x86_64-fedora-clang, r-devel-linux-x86_64-fedora-gcc