CRAN Package Check Results for Package movMF

Last updated on 2018-07-21 14:47:35 CEST.

Flavor Version Tinstall Tcheck Ttotal Status Flags
r-devel-linux-x86_64-debian-clang 0.2-2 2.62 41.15 43.77 NOTE
r-devel-linux-x86_64-debian-gcc 0.2-2 2.10 32.86 34.96 NOTE
r-devel-linux-x86_64-fedora-clang 0.2-2 52.46 NOTE
r-devel-linux-x86_64-fedora-gcc 0.2-2 51.51 NOTE
r-devel-windows-ix86+x86_64 0.2-2 13.00 63.00 76.00 NOTE
r-patched-linux-x86_64 0.2-2 NOTE
r-patched-solaris-x86 0.2-2 71.20 NOTE
r-release-linux-x86_64 0.2-2 2.59 39.78 42.37 NOTE
r-release-windows-ix86+x86_64 0.2-2 12.00 67.00 79.00 NOTE
r-release-osx-x86_64 0.2-2 NOTE
r-oldrel-windows-ix86+x86_64 0.2-2 9.00 82.00 91.00 OK
r-oldrel-osx-x86_64 0.2-2 NOTE

Check Details

Version: 0.2-2
Check: package dependencies
Result: NOTE
    Package suggested but not available for checking: ‘corpus.useR.2008.abstracts’
Flavors: r-devel-linux-x86_64-debian-clang, r-devel-linux-x86_64-debian-gcc, r-devel-linux-x86_64-fedora-clang, r-devel-linux-x86_64-fedora-gcc, r-devel-windows-ix86+x86_64, r-patched-linux-x86_64, r-patched-solaris-x86, r-release-linux-x86_64, r-release-windows-ix86+x86_64, r-release-osx-x86_64, r-oldrel-osx-x86_64