CRAN Package Check Results for Package movMF

Last updated on 2017-12-15 06:47:03 CET.

Flavor Version Tinstall Tcheck Ttotal Status Flags
r-devel-linux-x86_64-debian-clang 0.2-2 1.62 16.03 17.65 FAIL
r-devel-linux-x86_64-debian-gcc 0.2-2 1.28 37.71 38.99 NOTE
r-devel-linux-x86_64-fedora-clang 0.2-2 61.05 NOTE
r-devel-linux-x86_64-fedora-gcc 0.2-2 56.96 NOTE
r-devel-windows-ix86+x86_64 0.2-2 11.00 56.00 67.00 OK
r-patched-linux-x86_64 0.2-2 1.37 47.80 49.17 NOTE
r-patched-solaris-x86 0.2-2 74.80 NOTE
r-release-linux-x86_64 0.2-2 1.52 46.55 48.07 NOTE
r-release-windows-ix86+x86_64 0.2-2 7.00 60.00 67.00 OK
r-release-osx-x86_64 0.2-2 NOTE
r-oldrel-windows-ix86+x86_64 0.2-2 8.00 81.00 89.00 OK
r-oldrel-osx-x86_64 0.2-2 NOTE

Check Details

Version: 0.2-2
Check: package dependencies
Result: NOTE
    Package suggested but not available for checking: ‘corpus.useR.2008.abstracts’
Flavors: r-devel-linux-x86_64-debian-clang, r-devel-linux-x86_64-debian-gcc, r-devel-linux-x86_64-fedora-clang, r-devel-linux-x86_64-fedora-gcc, r-patched-linux-x86_64, r-patched-solaris-x86, r-release-linux-x86_64, r-release-osx-x86_64, r-oldrel-osx-x86_64

Version: 0.2-2
Check: pragmas in C/C++ headers and code
Result: FAIL
    
Flavor: r-devel-linux-x86_64-debian-clang