CRAN Package Check Results for Package monkeylearn

Last updated on 2020-01-21 00:54:46 CET.

Flavor Version Tinstall Tcheck Ttotal Status Flags
r-devel-linux-x86_64-debian-clang 0.2.0 2.85 25.15 28.00 OK
r-devel-linux-x86_64-debian-gcc 0.2.0 2.29 19.97 22.26 OK
r-devel-linux-x86_64-fedora-clang 0.2.0 35.31 NOTE
r-devel-linux-x86_64-fedora-gcc 0.2.0 34.33 NOTE
r-devel-windows-ix86+x86_64 0.2.0 10.00 49.00 59.00 OK
r-devel-windows-ix86+x86_64-gcc8 0.2.0 8.00 58.00 66.00 OK
r-patched-linux-x86_64 0.2.0 2.61 23.18 25.79 OK
r-patched-solaris-x86 0.2.0 54.80 NOTE
r-release-linux-x86_64 0.2.0 2.40 23.23 25.63 OK
r-release-windows-ix86+x86_64 0.2.0 6.00 49.00 55.00 OK
r-release-osx-x86_64 0.2.0 NOTE
r-oldrel-windows-ix86+x86_64 0.2.0 4.00 32.00 36.00 OK
r-oldrel-osx-x86_64 0.2.0 NOTE

Check Details

Version: 0.2.0
Check: dependencies in R code
Result: NOTE
    Namespace in Imports field not imported from: ‘ratelimitr’
     All declared Imports should be used.
Flavors: r-devel-linux-x86_64-fedora-clang, r-devel-linux-x86_64-fedora-gcc, r-patched-solaris-x86, r-release-osx-x86_64, r-oldrel-osx-x86_64