CRAN Package Check Results for Package monkeylearn

Last updated on 2019-09-15 13:47:19 CEST.

Flavor Version Tinstall Tcheck Ttotal Status Flags
r-devel-linux-x86_64-debian-clang 0.2.0 2.77 24.18 26.95 OK
r-devel-linux-x86_64-debian-gcc 0.2.0 2.03 19.32 21.35 OK
r-devel-linux-x86_64-fedora-clang 0.2.0 33.12 NOTE
r-devel-linux-x86_64-fedora-gcc 0.2.0 35.07 NOTE
r-devel-windows-ix86+x86_64 0.2.0 11.00 33.00 44.00 OK
r-patched-linux-x86_64 0.2.0 2.03 23.72 25.75 OK
r-patched-solaris-x86 0.2.0 51.00 NOTE
r-release-linux-x86_64 0.2.0 2.48 24.79 27.27 OK
r-release-windows-ix86+x86_64 0.2.0 5.00 36.00 41.00 OK
r-release-osx-x86_64 0.2.0 NOTE
r-oldrel-windows-ix86+x86_64 0.2.0 6.00 50.00 56.00 OK
r-oldrel-osx-x86_64 0.2.0 NOTE

Check Details

Version: 0.2.0
Check: dependencies in R code
Result: NOTE
    Namespace in Imports field not imported from: ‘ratelimitr’
     All declared Imports should be used.
Flavors: r-devel-linux-x86_64-fedora-clang, r-devel-linux-x86_64-fedora-gcc, r-patched-solaris-x86, r-release-osx-x86_64, r-oldrel-osx-x86_64